{"id":5698,"date":"2024-05-31T16:49:47","date_gmt":"2024-05-31T14:49:47","guid":{"rendered":"https:\/\/serbenidorm.daliisolutions.com\/index.php\/dm-podcast\/joan-baldovi-compromis-define-el-encuentro-con-el-president-de-la-generalitat-carlos-mazon-como-una-seca-i-una-remulla-una-de-cal-y-otra-de-arena\/"},"modified":"2024-05-31T16:49:47","modified_gmt":"2024-05-31T14:49:47","slug":"joan-baldovi-compromis-define-el-encuentro-con-el-president-de-la-generalitat-carlos-mazon-como-una-seca-i-una-remulla-una-de-cal-y-otra-de-arena","status":"publish","type":"dm-podcast","link":"https:\/\/serbenidorm.daliisolutions.com\/index.php\/dm-podcast\/joan-baldovi-compromis-define-el-encuentro-con-el-president-de-la-generalitat-carlos-mazon-como-una-seca-i-una-remulla-una-de-cal-y-otra-de-arena\/","title":{"rendered":"Joan Baldov\u00ed (Comprom\u00eds) define el encuentro con el president de la Generalitat, Carlos Maz\u00f3n, como \u00abuna seca i una remull\u00e0 (una de cal y otra de arena)\u00bb"},"featured_media":0,"template":"","meta":{"_acf_changed":false},"dm-programa":[7],"class_list":["post-5698","dm-podcast","type-dm-podcast","status-publish","hentry","dm-programa-podcast-radio-valencia-hora-14-comunitat-valenciana-2298"],"acf":{"url":"https:\/\/sdmedia.playser.cadenaser.com\/playser\/multimedia\/20245\/31\/1717159360379_1717159389_audio_128.mp3"},"_links":{"self":[{"href":"https:\/\/serbenidorm.daliisolutions.com\/index.php\/wp-json\/wp\/v2\/dm-podcast\/5698","targetHints":{"allow":["GET"]}}],"collection":[{"href":"https:\/\/serbenidorm.daliisolutions.com\/index.php\/wp-json\/wp\/v2\/dm-podcast"}],"about":[{"href":"https:\/\/serbenidorm.daliisolutions.com\/index.php\/wp-json\/wp\/v2\/types\/dm-podcast"}],"wp:attachment":[{"href":"https:\/\/serbenidorm.daliisolutions.com\/index.php\/wp-json\/wp\/v2\/media?parent=5698"}],"wp:term":[{"taxonomy":"dm-programa","embeddable":true,"href":"https:\/\/serbenidorm.daliisolutions.com\/index.php\/wp-json\/wp\/v2\/dm-programa?post=5698"}],"curies":[{"name":"wp","href":"https:\/\/api.w.org\/{rel}","templated":true}]}}

Joan Baldoví (Compromís) define el encuentro con el president de la Generalitat, Carlos Mazón, como «una seca i una remullà (una de cal y otra de arena)»
