{"id":5718,"date":"2024-06-01T16:21:14","date_gmt":"2024-06-01T14:21:14","guid":{"rendered":""},"modified":"2024-06-01T16:21:14","modified_gmt":"2024-06-01T14:21:14","slug":"jose-durban-historiador-cree-que-esos-restos-del-conflicto-belico-se-deben-preservar-como-patrimonio-historico-y-cultural-y-poner-a-disposicion-de-la-ciudadania-para-no-olvidar-lo-que-ocurrio-en-e","status":"publish","type":"dm-podcast","link":"https:\/\/serbenidorm.daliisolutions.com\/index.php\/dm-podcast\/jose-durban-historiador-cree-que-esos-restos-del-conflicto-belico-se-deben-preservar-como-patrimonio-historico-y-cultural-y-poner-a-disposicion-de-la-ciudadania-para-no-olvidar-lo-que-ocurrio-en-e\/","title":{"rendered":"Jos\u00e9 Durb\u00e1n (historiador) cree que esos restos del conflicto b\u00e9lico \u00abse deben preservar como patrimonio hist\u00f3rico y cultural y poner a disposici\u00f3n de la ciudadan\u00eda para no olvidar lo que ocurri\u00f3 en el pasado y reflexionar de cara al futuro\u00bb"},"featured_media":0,"template":"","meta":{"_acf_changed":false},"dm-programa":[7],"class_list":["post-5718","dm-podcast","type-dm-podcast","status-publish","hentry","dm-programa-podcast-radio-valencia-hora-14-comunitat-valenciana-2298"],"acf":{"url":"https:\/\/sdmedia.playser.cadenaser.com\/playser\/multimedia\/20246\/1\/1717242293505_1717242300_audio_128.mp3"},"_links":{"self":[{"href":"https:\/\/serbenidorm.daliisolutions.com\/index.php\/wp-json\/wp\/v2\/dm-podcast\/5718","targetHints":{"allow":["GET"]}}],"collection":[{"href":"https:\/\/serbenidorm.daliisolutions.com\/index.php\/wp-json\/wp\/v2\/dm-podcast"}],"about":[{"href":"https:\/\/serbenidorm.daliisolutions.com\/index.php\/wp-json\/wp\/v2\/types\/dm-podcast"}],"wp:attachment":[{"href":"https:\/\/serbenidorm.daliisolutions.com\/index.php\/wp-json\/wp\/v2\/media?parent=5718"}],"wp:term":[{"taxonomy":"dm-programa","embeddable":true,"href":"https:\/\/serbenidorm.daliisolutions.com\/index.php\/wp-json\/wp\/v2\/dm-programa?post=5718"}],"curies":[{"name":"wp","href":"https:\/\/api.w.org\/{rel}","templated":true}]}}

José Durbán (historiador) cree que esos restos del conflicto bélico «se deben preservar como patrimonio histórico y cultural y poner a disposición de la ciudadanía para no olvidar lo que ocurrió en el pasado y reflexionar de cara al futuro»
