{"id":5726,"date":"2024-06-01T17:27:02","date_gmt":"2024-06-01T15:27:02","guid":{"rendered":"https:\/\/serbenidorm.daliisolutions.com\/index.php\/dm-podcast\/fabiola-morant-mi-madre-ahora-tiene-93-anos-y-esta-muy-emocionada-porque-va-poder-enterrar-a-su-padre-despues-de-tantos-anos\/"},"modified":"2024-06-01T17:27:02","modified_gmt":"2024-06-01T15:27:02","slug":"fabiola-morant-mi-madre-ahora-tiene-93-anos-y-esta-muy-emocionada-porque-va-poder-enterrar-a-su-padre-despues-de-tantos-anos","status":"publish","type":"dm-podcast","link":"https:\/\/serbenidorm.daliisolutions.com\/index.php\/dm-podcast\/fabiola-morant-mi-madre-ahora-tiene-93-anos-y-esta-muy-emocionada-porque-va-poder-enterrar-a-su-padre-despues-de-tantos-anos\/","title":{"rendered":"Fabiola Morant: \u00abMi madre ahora tiene 93 a\u00f1os y est\u00e1 muy emocionada porque va poder enterrar a su padre despu\u00e9s de tantos a\u00f1os\u00bb"},"featured_media":0,"template":"","meta":{"_acf_changed":false},"dm-programa":[7],"class_list":["post-5726","dm-podcast","type-dm-podcast","status-publish","hentry","dm-programa-podcast-radio-valencia-hora-14-comunitat-valenciana-2298"],"acf":{"url":"https:\/\/sdmedia.playser.cadenaser.com\/playser\/multimedia\/20246\/1\/1717246239123_1717246249_audio_128.mp3"},"_links":{"self":[{"href":"https:\/\/serbenidorm.daliisolutions.com\/index.php\/wp-json\/wp\/v2\/dm-podcast\/5726","targetHints":{"allow":["GET"]}}],"collection":[{"href":"https:\/\/serbenidorm.daliisolutions.com\/index.php\/wp-json\/wp\/v2\/dm-podcast"}],"about":[{"href":"https:\/\/serbenidorm.daliisolutions.com\/index.php\/wp-json\/wp\/v2\/types\/dm-podcast"}],"wp:attachment":[{"href":"https:\/\/serbenidorm.daliisolutions.com\/index.php\/wp-json\/wp\/v2\/media?parent=5726"}],"wp:term":[{"taxonomy":"dm-programa","embeddable":true,"href":"https:\/\/serbenidorm.daliisolutions.com\/index.php\/wp-json\/wp\/v2\/dm-programa?post=5726"}],"curies":[{"name":"wp","href":"https:\/\/api.w.org\/{rel}","templated":true}]}}

Fabiola Morant: «Mi madre ahora tiene 93 años y está muy emocionada porque va poder enterrar a su padre después de tantos años»
