{"id":5738,"date":"2024-06-02T19:07:57","date_gmt":"2024-06-02T17:07:57","guid":{"rendered":"https:\/\/serbenidorm.daliisolutions.com\/index.php\/dm-podcast\/antonio-garcia-celda-comisionado-capital-verde-europea-valencia-2024-apuesta-por-la-divulgacion-entre-la-poblacion-para-concienciar-sobre-la-realidad-del-cambio-climatico\/"},"modified":"2024-06-02T19:07:57","modified_gmt":"2024-06-02T17:07:57","slug":"antonio-garcia-celda-comisionado-capital-verde-europea-valencia-2024-apuesta-por-la-divulgacion-entre-la-poblacion-para-concienciar-sobre-la-realidad-del-cambio-climatico","status":"publish","type":"dm-podcast","link":"https:\/\/serbenidorm.daliisolutions.com\/index.php\/dm-podcast\/antonio-garcia-celda-comisionado-capital-verde-europea-valencia-2024-apuesta-por-la-divulgacion-entre-la-poblacion-para-concienciar-sobre-la-realidad-del-cambio-climatico\/","title":{"rendered":"Antonio Garc\u00eda Celda (comisionado Capital Verde Europea Val\u00e8ncia 2024) apuesta por la divulgaci\u00f3n entre la poblaci\u00f3n para concienciar sobre la realidad del cambio clim\u00e1tico"},"featured_media":0,"template":"","meta":{"_acf_changed":false},"dm-programa":[7],"class_list":["post-5738","dm-podcast","type-dm-podcast","status-publish","hentry","dm-programa-podcast-radio-valencia-hora-14-comunitat-valenciana-2298"],"acf":{"url":"https:\/\/sdmedia.playser.cadenaser.com\/playser\/multimedia\/20246\/2\/1717309967637_1717310092_audio_128.mp3"},"_links":{"self":[{"href":"https:\/\/serbenidorm.daliisolutions.com\/index.php\/wp-json\/wp\/v2\/dm-podcast\/5738","targetHints":{"allow":["GET"]}}],"collection":[{"href":"https:\/\/serbenidorm.daliisolutions.com\/index.php\/wp-json\/wp\/v2\/dm-podcast"}],"about":[{"href":"https:\/\/serbenidorm.daliisolutions.com\/index.php\/wp-json\/wp\/v2\/types\/dm-podcast"}],"wp:attachment":[{"href":"https:\/\/serbenidorm.daliisolutions.com\/index.php\/wp-json\/wp\/v2\/media?parent=5738"}],"wp:term":[{"taxonomy":"dm-programa","embeddable":true,"href":"https:\/\/serbenidorm.daliisolutions.com\/index.php\/wp-json\/wp\/v2\/dm-programa?post=5738"}],"curies":[{"name":"wp","href":"https:\/\/api.w.org\/{rel}","templated":true}]}}

Antonio García Celda (comisionado Capital Verde Europea València 2024) apuesta por la divulgación entre la población para concienciar sobre la realidad del cambio climático
