{"id":5769,"date":"2024-06-03T15:22:56","date_gmt":"2024-06-03T13:22:56","guid":{"rendered":"https:\/\/serbenidorm.daliisolutions.com\/index.php\/dm-podcast\/maria-jose-catala-proteger-lalbufera-como-reserva-de-la-biosfera-garantizaria-los-aportes-hidricos\/"},"modified":"2024-06-03T15:22:56","modified_gmt":"2024-06-03T13:22:56","slug":"maria-jose-catala-proteger-lalbufera-como-reserva-de-la-biosfera-garantizaria-los-aportes-hidricos","status":"publish","type":"dm-podcast","link":"https:\/\/serbenidorm.daliisolutions.com\/index.php\/dm-podcast\/maria-jose-catala-proteger-lalbufera-como-reserva-de-la-biosfera-garantizaria-los-aportes-hidricos\/","title":{"rendered":"Mar\u00eda Jos\u00e9 Catal\u00e1: \u00abProteger l&#8217;Albufera como reserva de la biosfera garantizar\u00eda los aportes h\u00eddricos\u00bb"},"featured_media":0,"template":"","meta":{"_acf_changed":false},"dm-programa":[7],"class_list":["post-5769","dm-podcast","type-dm-podcast","status-publish","hentry","dm-programa-podcast-radio-valencia-hora-14-comunitat-valenciana-2298"],"acf":{"url":"https:\/\/sdmedia.playser.cadenaser.com\/playser\/multimedia\/20246\/3\/1717409290519_1717409497_audio_128.mp3"},"_links":{"self":[{"href":"https:\/\/serbenidorm.daliisolutions.com\/index.php\/wp-json\/wp\/v2\/dm-podcast\/5769","targetHints":{"allow":["GET"]}}],"collection":[{"href":"https:\/\/serbenidorm.daliisolutions.com\/index.php\/wp-json\/wp\/v2\/dm-podcast"}],"about":[{"href":"https:\/\/serbenidorm.daliisolutions.com\/index.php\/wp-json\/wp\/v2\/types\/dm-podcast"}],"wp:attachment":[{"href":"https:\/\/serbenidorm.daliisolutions.com\/index.php\/wp-json\/wp\/v2\/media?parent=5769"}],"wp:term":[{"taxonomy":"dm-programa","embeddable":true,"href":"https:\/\/serbenidorm.daliisolutions.com\/index.php\/wp-json\/wp\/v2\/dm-programa?post=5769"}],"curies":[{"name":"wp","href":"https:\/\/api.w.org\/{rel}","templated":true}]}}

María José Catalá: «Proteger l&#8217;Albufera como reserva de la biosfera garantizaría los aportes hídricos»
