{"id":582,"date":"2023-12-13T10:19:25","date_gmt":"2023-12-13T09:19:25","guid":{"rendered":"https:\/\/serbenidorm.daliisolutions.com\/index.php\/dm-podcast\/baldovi-afirma-que-mazon-esta-sometido-a-los-intereses-de-la-presidenta-madrilena-isabel-diaz-ayuso\/"},"modified":"2023-12-13T10:19:25","modified_gmt":"2023-12-13T09:19:25","slug":"baldovi-afirma-que-mazon-esta-sometido-a-los-intereses-de-la-presidenta-madrilena-isabel-diaz-ayuso","status":"publish","type":"dm-podcast","link":"https:\/\/serbenidorm.daliisolutions.com\/index.php\/dm-podcast\/baldovi-afirma-que-mazon-esta-sometido-a-los-intereses-de-la-presidenta-madrilena-isabel-diaz-ayuso\/","title":{"rendered":"Baldov\u00ed afirma que Maz\u00f3n est\u00e1 sometido a los intereses de la presidenta madrile\u00f1a Isabel D\u00edaz Ayuso"},"featured_media":0,"template":"","meta":{"_acf_changed":false},"dm-programa":[7],"class_list":["post-582","dm-podcast","type-dm-podcast","status-publish","hentry","dm-programa-podcast-radio-valencia-hora-14-comunitat-valenciana-2298"],"acf":{"url":"https:\/\/sdmedia.playser.cadenaser.com\/playser\/multimedia\/202312\/11\/1702315336745_1702315388_audio_128.mp3"},"_links":{"self":[{"href":"https:\/\/serbenidorm.daliisolutions.com\/index.php\/wp-json\/wp\/v2\/dm-podcast\/582","targetHints":{"allow":["GET"]}}],"collection":[{"href":"https:\/\/serbenidorm.daliisolutions.com\/index.php\/wp-json\/wp\/v2\/dm-podcast"}],"about":[{"href":"https:\/\/serbenidorm.daliisolutions.com\/index.php\/wp-json\/wp\/v2\/types\/dm-podcast"}],"wp:attachment":[{"href":"https:\/\/serbenidorm.daliisolutions.com\/index.php\/wp-json\/wp\/v2\/media?parent=582"}],"wp:term":[{"taxonomy":"dm-programa","embeddable":true,"href":"https:\/\/serbenidorm.daliisolutions.com\/index.php\/wp-json\/wp\/v2\/dm-programa?post=582"}],"curies":[{"name":"wp","href":"https:\/\/api.w.org\/{rel}","templated":true}]}}

Baldoví afirma que Mazón está sometido a los intereses de la presidenta madrileña Isabel Díaz Ayuso
