{"id":5843,"date":"2024-06-06T07:56:22","date_gmt":"2024-06-06T05:56:22","guid":{"rendered":"https:\/\/serbenidorm.daliisolutions.com\/index.php\/dm-podcast\/rafael-badenes-coordinador-autonomico-de-transplantes-destaca-los-datos-positivos-de-la-donacion-y-transplante-de-organos-en-la-comunitat-valenciana\/"},"modified":"2024-06-06T07:56:22","modified_gmt":"2024-06-06T05:56:22","slug":"rafael-badenes-coordinador-autonomico-de-transplantes-destaca-los-datos-positivos-de-la-donacion-y-transplante-de-organos-en-la-comunitat-valenciana","status":"publish","type":"dm-podcast","link":"https:\/\/serbenidorm.daliisolutions.com\/index.php\/dm-podcast\/rafael-badenes-coordinador-autonomico-de-transplantes-destaca-los-datos-positivos-de-la-donacion-y-transplante-de-organos-en-la-comunitat-valenciana\/","title":{"rendered":"Rafael Badenes, coordinador auton\u00f3mico de Transplantes, destaca los datos positivos de la donaci\u00f3n y transplante de \u00f3rganos en la Comunitat Valenciana"},"featured_media":0,"template":"","meta":{"_acf_changed":false},"dm-programa":[7],"class_list":["post-5843","dm-podcast","type-dm-podcast","status-publish","hentry","dm-programa-podcast-radio-valencia-hora-14-comunitat-valenciana-2298"],"acf":{"url":"https:\/\/sdmedia.playser.cadenaser.com\/mcv\/playser\/multimedia\/20240605\/4024234_115032_audio_128.mp3"},"_links":{"self":[{"href":"https:\/\/serbenidorm.daliisolutions.com\/index.php\/wp-json\/wp\/v2\/dm-podcast\/5843","targetHints":{"allow":["GET"]}}],"collection":[{"href":"https:\/\/serbenidorm.daliisolutions.com\/index.php\/wp-json\/wp\/v2\/dm-podcast"}],"about":[{"href":"https:\/\/serbenidorm.daliisolutions.com\/index.php\/wp-json\/wp\/v2\/types\/dm-podcast"}],"wp:attachment":[{"href":"https:\/\/serbenidorm.daliisolutions.com\/index.php\/wp-json\/wp\/v2\/media?parent=5843"}],"wp:term":[{"taxonomy":"dm-programa","embeddable":true,"href":"https:\/\/serbenidorm.daliisolutions.com\/index.php\/wp-json\/wp\/v2\/dm-programa?post=5843"}],"curies":[{"name":"wp","href":"https:\/\/api.w.org\/{rel}","templated":true}]}}

Rafael Badenes, coordinador autonómico de Transplantes, destaca los datos positivos de la donación y transplante de órganos en la Comunitat Valenciana
