{"id":5871,"date":"2024-06-06T16:21:38","date_gmt":"2024-06-06T14:21:38","guid":{"rendered":"https:\/\/serbenidorm.daliisolutions.com\/index.php\/dm-podcast\/ruben-pacheco-confederacion-ampas-gonzalo-anaya-califica-los-criterios-deducacio-para-aplicar-al-punto-extra-en-colegios-valencianos-de-discriminatorios\/"},"modified":"2024-06-06T16:21:38","modified_gmt":"2024-06-06T14:21:38","slug":"ruben-pacheco-confederacion-ampas-gonzalo-anaya-califica-los-criterios-deducacio-para-aplicar-al-punto-extra-en-colegios-valencianos-de-discriminatorios","status":"publish","type":"dm-podcast","link":"https:\/\/serbenidorm.daliisolutions.com\/index.php\/dm-podcast\/ruben-pacheco-confederacion-ampas-gonzalo-anaya-califica-los-criterios-deducacio-para-aplicar-al-punto-extra-en-colegios-valencianos-de-discriminatorios\/","title":{"rendered":"Rub\u00e9n Pacheco (Confederaci\u00f3n AMPAS Gonzalo Anaya) califica los criterios d&#8217;Educaci\u00f3 para aplicar al punto extra en colegios valencianos de \u00abdiscriminatorios\u00bb"},"featured_media":0,"template":"","meta":{"_acf_changed":false},"dm-programa":[7],"class_list":["post-5871","dm-podcast","type-dm-podcast","status-publish","hentry","dm-programa-podcast-radio-valencia-hora-14-comunitat-valenciana-2298"],"acf":{"url":"https:\/\/sdmedia.playser.cadenaser.com\/mcv\/playser\/multimedia\/20240606\/4025759_092413_audio_128.mp3"},"_links":{"self":[{"href":"https:\/\/serbenidorm.daliisolutions.com\/index.php\/wp-json\/wp\/v2\/dm-podcast\/5871","targetHints":{"allow":["GET"]}}],"collection":[{"href":"https:\/\/serbenidorm.daliisolutions.com\/index.php\/wp-json\/wp\/v2\/dm-podcast"}],"about":[{"href":"https:\/\/serbenidorm.daliisolutions.com\/index.php\/wp-json\/wp\/v2\/types\/dm-podcast"}],"wp:attachment":[{"href":"https:\/\/serbenidorm.daliisolutions.com\/index.php\/wp-json\/wp\/v2\/media?parent=5871"}],"wp:term":[{"taxonomy":"dm-programa","embeddable":true,"href":"https:\/\/serbenidorm.daliisolutions.com\/index.php\/wp-json\/wp\/v2\/dm-programa?post=5871"}],"curies":[{"name":"wp","href":"https:\/\/api.w.org\/{rel}","templated":true}]}}

Rubén Pacheco (Confederación AMPAS Gonzalo Anaya) califica los criterios d&#8217;Educació para aplicar al punto extra en colegios valencianos de «discriminatorios»
