{"id":5875,"date":"2024-06-06T16:21:38","date_gmt":"2024-06-06T14:21:38","guid":{"rendered":"https:\/\/serbenidorm.daliisolutions.com\/index.php\/dm-podcast\/maria-angeles-gomez-ccoo-cree-que-el-problema-con-los-mir-representa-un-porcentaje-pequeno-de-la-falta-de-personal\/"},"modified":"2024-06-06T16:21:38","modified_gmt":"2024-06-06T14:21:38","slug":"maria-angeles-gomez-ccoo-cree-que-el-problema-con-los-mir-representa-un-porcentaje-pequeno-de-la-falta-de-personal","status":"publish","type":"dm-podcast","link":"https:\/\/serbenidorm.daliisolutions.com\/index.php\/dm-podcast\/maria-angeles-gomez-ccoo-cree-que-el-problema-con-los-mir-representa-un-porcentaje-pequeno-de-la-falta-de-personal\/","title":{"rendered":"Mar\u00eda \u00c1ngeles G\u00f3mez (CCOO) cree que el problema con los MIR representa un porcentaje peque\u00f1o de la falta de personal"},"featured_media":0,"template":"","meta":{"_acf_changed":false},"dm-programa":[7],"class_list":["post-5875","dm-podcast","type-dm-podcast","status-publish","hentry","dm-programa-podcast-radio-valencia-hora-14-comunitat-valenciana-2298"],"acf":{"url":"https:\/\/sdmedia.playser.cadenaser.com\/mcv\/playser\/multimedia\/20240606\/4025797_101420_audio_128.mp3"},"_links":{"self":[{"href":"https:\/\/serbenidorm.daliisolutions.com\/index.php\/wp-json\/wp\/v2\/dm-podcast\/5875","targetHints":{"allow":["GET"]}}],"collection":[{"href":"https:\/\/serbenidorm.daliisolutions.com\/index.php\/wp-json\/wp\/v2\/dm-podcast"}],"about":[{"href":"https:\/\/serbenidorm.daliisolutions.com\/index.php\/wp-json\/wp\/v2\/types\/dm-podcast"}],"wp:attachment":[{"href":"https:\/\/serbenidorm.daliisolutions.com\/index.php\/wp-json\/wp\/v2\/media?parent=5875"}],"wp:term":[{"taxonomy":"dm-programa","embeddable":true,"href":"https:\/\/serbenidorm.daliisolutions.com\/index.php\/wp-json\/wp\/v2\/dm-programa?post=5875"}],"curies":[{"name":"wp","href":"https:\/\/api.w.org\/{rel}","templated":true}]}}

María Ángeles Gómez (CCOO) cree que el problema con los MIR representa un porcentaje pequeño de la falta de personal
