{"id":5887,"date":"2024-06-06T19:22:04","date_gmt":"2024-06-06T17:22:04","guid":{"rendered":"https:\/\/serbenidorm.daliisolutions.com\/index.php\/dm-podcast\/maria-angeles-gomez-ccoo-dice-que-no-se-ha-llevado-el-plan-a-la-mesa-sectorial\/"},"modified":"2024-06-06T19:22:04","modified_gmt":"2024-06-06T17:22:04","slug":"maria-angeles-gomez-ccoo-dice-que-no-se-ha-llevado-el-plan-a-la-mesa-sectorial","status":"publish","type":"dm-podcast","link":"https:\/\/serbenidorm.daliisolutions.com\/index.php\/dm-podcast\/maria-angeles-gomez-ccoo-dice-que-no-se-ha-llevado-el-plan-a-la-mesa-sectorial\/","title":{"rendered":"Mar\u00eda \u00c1ngeles G\u00f3mez (CCOO) dice que no se ha llevado el plan a la mesa sectorial"},"featured_media":0,"template":"","meta":{"_acf_changed":false},"dm-programa":[7],"class_list":["post-5887","dm-podcast","type-dm-podcast","status-publish","hentry","dm-programa-podcast-radio-valencia-hora-14-comunitat-valenciana-2298"],"acf":{"url":"https:\/\/sdmedia.playser.cadenaser.com\/mcv\/playser\/multimedia\/20240606\/4025798_101434_audio_128.mp3"},"_links":{"self":[{"href":"https:\/\/serbenidorm.daliisolutions.com\/index.php\/wp-json\/wp\/v2\/dm-podcast\/5887","targetHints":{"allow":["GET"]}}],"collection":[{"href":"https:\/\/serbenidorm.daliisolutions.com\/index.php\/wp-json\/wp\/v2\/dm-podcast"}],"about":[{"href":"https:\/\/serbenidorm.daliisolutions.com\/index.php\/wp-json\/wp\/v2\/types\/dm-podcast"}],"wp:attachment":[{"href":"https:\/\/serbenidorm.daliisolutions.com\/index.php\/wp-json\/wp\/v2\/media?parent=5887"}],"wp:term":[{"taxonomy":"dm-programa","embeddable":true,"href":"https:\/\/serbenidorm.daliisolutions.com\/index.php\/wp-json\/wp\/v2\/dm-programa?post=5887"}],"curies":[{"name":"wp","href":"https:\/\/api.w.org\/{rel}","templated":true}]}}

María Ángeles Gómez (CCOO) dice que no se ha llevado el plan a la mesa sectorial
