{"id":5894,"date":"2024-06-06T19:22:04","date_gmt":"2024-06-06T17:22:04","guid":{"rendered":"https:\/\/serbenidorm.daliisolutions.com\/index.php\/dm-podcast\/el-conseller-de-educacion-jose-antonio-rovira-repasa-otros-de-los-criterios-de-admision-y-su-caracter-social\/"},"modified":"2024-06-06T19:22:04","modified_gmt":"2024-06-06T17:22:04","slug":"el-conseller-de-educacion-jose-antonio-rovira-repasa-otros-de-los-criterios-de-admision-y-su-caracter-social","status":"publish","type":"dm-podcast","link":"https:\/\/serbenidorm.daliisolutions.com\/index.php\/dm-podcast\/el-conseller-de-educacion-jose-antonio-rovira-repasa-otros-de-los-criterios-de-admision-y-su-caracter-social\/","title":{"rendered":"El conseller de Educaci\u00f3n, Jos\u00e9 Antonio Rovira, repasa otros de los criterios de admisi\u00f3n y su car\u00e1cter social"},"featured_media":0,"template":"","meta":{"_acf_changed":false},"dm-programa":[7],"class_list":["post-5894","dm-podcast","type-dm-podcast","status-publish","hentry","dm-programa-podcast-radio-valencia-hora-14-comunitat-valenciana-2298"],"acf":{"url":"https:\/\/sdmedia.playser.cadenaser.com\/mcv\/playser\/multimedia\/20240606\/4026405_142429_audio_128.mp3"},"_links":{"self":[{"href":"https:\/\/serbenidorm.daliisolutions.com\/index.php\/wp-json\/wp\/v2\/dm-podcast\/5894","targetHints":{"allow":["GET"]}}],"collection":[{"href":"https:\/\/serbenidorm.daliisolutions.com\/index.php\/wp-json\/wp\/v2\/dm-podcast"}],"about":[{"href":"https:\/\/serbenidorm.daliisolutions.com\/index.php\/wp-json\/wp\/v2\/types\/dm-podcast"}],"wp:attachment":[{"href":"https:\/\/serbenidorm.daliisolutions.com\/index.php\/wp-json\/wp\/v2\/media?parent=5894"}],"wp:term":[{"taxonomy":"dm-programa","embeddable":true,"href":"https:\/\/serbenidorm.daliisolutions.com\/index.php\/wp-json\/wp\/v2\/dm-programa?post=5894"}],"curies":[{"name":"wp","href":"https:\/\/api.w.org\/{rel}","templated":true}]}}

El conseller de Educación, José Antonio Rovira, repasa otros de los criterios de admisión y su carácter social
