{"id":5918,"date":"2024-06-07T15:44:51","date_gmt":"2024-06-07T13:44:51","guid":{"rendered":"https:\/\/serbenidorm.daliisolutions.com\/index.php\/dm-podcast\/tras-la-resaca-del-ascenso-el-c-b-terralfas-inicia-la-planificacion-de-la-proxima-temporada\/"},"modified":"2024-06-07T15:44:51","modified_gmt":"2024-06-07T13:44:51","slug":"tras-la-resaca-del-ascenso-el-c-b-terralfas-inicia-la-planificacion-de-la-proxima-temporada","status":"publish","type":"dm-podcast","link":"https:\/\/serbenidorm.daliisolutions.com\/index.php\/dm-podcast\/tras-la-resaca-del-ascenso-el-c-b-terralfas-inicia-la-planificacion-de-la-proxima-temporada\/","title":{"rendered":"Tras la resaca del ascenso, el C.B. Terralf\u00e0s inicia la planificaci\u00f3n de la pr\u00f3xima temporada"},"featured_media":0,"template":"","meta":{"_acf_changed":false},"dm-programa":[8],"class_list":["post-5918","dm-podcast","type-dm-podcast","status-publish","hentry","dm-programa-podcast-radio-benidorm-ser-deportivos-benidorm-2994"],"acf":{"url":"https:\/\/sdmedia.playser.cadenaser.com\/mcv\/playser\/multimedia\/20240607\/4027524_094033_audio_128.mp3"},"_links":{"self":[{"href":"https:\/\/serbenidorm.daliisolutions.com\/index.php\/wp-json\/wp\/v2\/dm-podcast\/5918","targetHints":{"allow":["GET"]}}],"collection":[{"href":"https:\/\/serbenidorm.daliisolutions.com\/index.php\/wp-json\/wp\/v2\/dm-podcast"}],"about":[{"href":"https:\/\/serbenidorm.daliisolutions.com\/index.php\/wp-json\/wp\/v2\/types\/dm-podcast"}],"wp:attachment":[{"href":"https:\/\/serbenidorm.daliisolutions.com\/index.php\/wp-json\/wp\/v2\/media?parent=5918"}],"wp:term":[{"taxonomy":"dm-programa","embeddable":true,"href":"https:\/\/serbenidorm.daliisolutions.com\/index.php\/wp-json\/wp\/v2\/dm-programa?post=5918"}],"curies":[{"name":"wp","href":"https:\/\/api.w.org\/{rel}","templated":true}]}}

Tras la resaca del ascenso, el C.B. Terralfàs inicia la planificación de la próxima temporada
