{"id":595,"date":"2023-12-13T19:18:04","date_gmt":"2023-12-13T18:18:04","guid":{"rendered":"https:\/\/serbenidorm.daliisolutions.com\/index.php\/dm-podcast\/el-vicepresidente-del-consejo-de-economistas-francisco-menargues-ha-senalado-que-preven-que-la-economia-valenciana-empeore-en-los-proximos-meses\/"},"modified":"2023-12-13T19:18:04","modified_gmt":"2023-12-13T18:18:04","slug":"el-vicepresidente-del-consejo-de-economistas-francisco-menargues-ha-senalado-que-preven-que-la-economia-valenciana-empeore-en-los-proximos-meses","status":"publish","type":"dm-podcast","link":"https:\/\/serbenidorm.daliisolutions.com\/index.php\/dm-podcast\/el-vicepresidente-del-consejo-de-economistas-francisco-menargues-ha-senalado-que-preven-que-la-economia-valenciana-empeore-en-los-proximos-meses\/","title":{"rendered":"El vicepresidente del Consejo de Economistas, Francisco Menargues, ha se\u00f1alado que prev\u00e9n que la econom\u00eda valenciana \u00abempeore\u00bb en los pr\u00f3ximos meses"},"featured_media":0,"template":"","meta":{"_acf_changed":false},"dm-programa":[7],"class_list":["post-595","dm-podcast","type-dm-podcast","status-publish","hentry","dm-programa-podcast-radio-valencia-hora-14-comunitat-valenciana-2298"],"acf":{"url":"https:\/\/sdmedia.playser.cadenaser.com\/playser\/multimedia\/202312\/13\/1702479354365_1702479362_audio_128.mp3"},"_links":{"self":[{"href":"https:\/\/serbenidorm.daliisolutions.com\/index.php\/wp-json\/wp\/v2\/dm-podcast\/595","targetHints":{"allow":["GET"]}}],"collection":[{"href":"https:\/\/serbenidorm.daliisolutions.com\/index.php\/wp-json\/wp\/v2\/dm-podcast"}],"about":[{"href":"https:\/\/serbenidorm.daliisolutions.com\/index.php\/wp-json\/wp\/v2\/types\/dm-podcast"}],"wp:attachment":[{"href":"https:\/\/serbenidorm.daliisolutions.com\/index.php\/wp-json\/wp\/v2\/media?parent=595"}],"wp:term":[{"taxonomy":"dm-programa","embeddable":true,"href":"https:\/\/serbenidorm.daliisolutions.com\/index.php\/wp-json\/wp\/v2\/dm-programa?post=595"}],"curies":[{"name":"wp","href":"https:\/\/api.w.org\/{rel}","templated":true}]}}

El vicepresidente del Consejo de Economistas, Francisco Menargues, ha señalado que prevén que la economía valenciana «empeore» en los próximos meses
