{"id":5964,"date":"2024-06-09T17:08:03","date_gmt":"2024-06-09T15:08:03","guid":{"rendered":"https:\/\/serbenidorm.daliisolutions.com\/index.php\/dm-podcast\/menudos-son-con-maria-jose-aledon\/"},"modified":"2024-06-09T17:08:03","modified_gmt":"2024-06-09T15:08:03","slug":"menudos-son-con-maria-jose-aledon","status":"publish","type":"dm-podcast","link":"https:\/\/serbenidorm.daliisolutions.com\/index.php\/dm-podcast\/menudos-son-con-maria-jose-aledon\/","title":{"rendered":"Menudos son con Mar\u00eda Jos\u00e9 Aled\u00f3n"},"featured_media":0,"template":"","meta":{"_acf_changed":false},"dm-programa":[11],"class_list":["post-5964","dm-podcast","type-dm-podcast","status-publish","hentry","dm-programa-podcast-radio-valencia-a-vivir-comunitat-valenciana-2295"],"acf":{"url":"https:\/\/sdmedia.playser.cadenaser.com\/mcv\/playser\/multimedia\/20240606\/4025944_113644_audio_128.mp3"},"_links":{"self":[{"href":"https:\/\/serbenidorm.daliisolutions.com\/index.php\/wp-json\/wp\/v2\/dm-podcast\/5964","targetHints":{"allow":["GET"]}}],"collection":[{"href":"https:\/\/serbenidorm.daliisolutions.com\/index.php\/wp-json\/wp\/v2\/dm-podcast"}],"about":[{"href":"https:\/\/serbenidorm.daliisolutions.com\/index.php\/wp-json\/wp\/v2\/types\/dm-podcast"}],"wp:attachment":[{"href":"https:\/\/serbenidorm.daliisolutions.com\/index.php\/wp-json\/wp\/v2\/media?parent=5964"}],"wp:term":[{"taxonomy":"dm-programa","embeddable":true,"href":"https:\/\/serbenidorm.daliisolutions.com\/index.php\/wp-json\/wp\/v2\/dm-programa?post=5964"}],"curies":[{"name":"wp","href":"https:\/\/api.w.org\/{rel}","templated":true}]}}

Menudos son con María José Aledón
