{"id":5970,"date":"2024-06-09T17:08:03","date_gmt":"2024-06-09T15:08:03","guid":{"rendered":""},"modified":"2024-06-09T17:08:03","modified_gmt":"2024-06-09T15:08:03","slug":"carlos-mazon-president-de-la-generalitat-valenciana-ha-animado-este-domingo-a-acudir-a-las-urnas-para-decidir-como-las-necesidades-y-los-derechos-de-los-ciudadanos-de-alicante-valencia-y-castellon","status":"publish","type":"dm-podcast","link":"https:\/\/serbenidorm.daliisolutions.com\/index.php\/dm-podcast\/carlos-mazon-president-de-la-generalitat-valenciana-ha-animado-este-domingo-a-acudir-a-las-urnas-para-decidir-como-las-necesidades-y-los-derechos-de-los-ciudadanos-de-alicante-valencia-y-castellon\/","title":{"rendered":"Carlos Maz\u00f3n (president de la Generalitat Valenciana) ha animado este domingo a acudir a las urnas para decidir c\u00f3mo las necesidades y los derechos de los ciudadanos de Alicante, Valencia y Castell\u00f3n \u00abvan a ser mejor defendidos en Europa\u00bb"},"featured_media":0,"template":"","meta":{"_acf_changed":false},"dm-programa":[7],"class_list":["post-5970","dm-podcast","type-dm-podcast","status-publish","hentry","dm-programa-podcast-radio-valencia-hora-14-comunitat-valenciana-2298"],"acf":{"url":"https:\/\/sdmedia.playser.cadenaser.com\/mcv\/playser\/multimedia\/20240609\/4029338_104323_audio_128.mp3"},"_links":{"self":[{"href":"https:\/\/serbenidorm.daliisolutions.com\/index.php\/wp-json\/wp\/v2\/dm-podcast\/5970","targetHints":{"allow":["GET"]}}],"collection":[{"href":"https:\/\/serbenidorm.daliisolutions.com\/index.php\/wp-json\/wp\/v2\/dm-podcast"}],"about":[{"href":"https:\/\/serbenidorm.daliisolutions.com\/index.php\/wp-json\/wp\/v2\/types\/dm-podcast"}],"wp:attachment":[{"href":"https:\/\/serbenidorm.daliisolutions.com\/index.php\/wp-json\/wp\/v2\/media?parent=5970"}],"wp:term":[{"taxonomy":"dm-programa","embeddable":true,"href":"https:\/\/serbenidorm.daliisolutions.com\/index.php\/wp-json\/wp\/v2\/dm-programa?post=5970"}],"curies":[{"name":"wp","href":"https:\/\/api.w.org\/{rel}","templated":true}]}}

Carlos Mazón (president de la Generalitat Valenciana) ha animado este domingo a acudir a las urnas para decidir cómo las necesidades y los derechos de los ciudadanos de Alicante, Valencia y Castellón «van a ser mejor defendidos en Europa»
