{"id":5973,"date":"2024-06-09T17:08:03","date_gmt":"2024-06-09T15:08:03","guid":{"rendered":"https:\/\/serbenidorm.daliisolutions.com\/index.php\/dm-podcast\/vicent-marza-candidato-de-compromis-sumar-al-parlamento-europeo-se-ha-mostrado-convencido-de-que-esta-jornada-sera-un-dia-de-celebracion\/"},"modified":"2024-06-09T17:08:03","modified_gmt":"2024-06-09T15:08:03","slug":"vicent-marza-candidato-de-compromis-sumar-al-parlamento-europeo-se-ha-mostrado-convencido-de-que-esta-jornada-sera-un-dia-de-celebracion","status":"publish","type":"dm-podcast","link":"https:\/\/serbenidorm.daliisolutions.com\/index.php\/dm-podcast\/vicent-marza-candidato-de-compromis-sumar-al-parlamento-europeo-se-ha-mostrado-convencido-de-que-esta-jornada-sera-un-dia-de-celebracion\/","title":{"rendered":"Vicent Marz\u00e0 (candidato de Comprom\u00eds-Sumar al Parlamento Europeo) se ha mostrado convencido de que esta jornada ser\u00e1 \u00abun d\u00eda de celebraci\u00f3n\u00bb"},"featured_media":0,"template":"","meta":{"_acf_changed":false},"dm-programa":[7],"class_list":["post-5973","dm-podcast","type-dm-podcast","status-publish","hentry","dm-programa-podcast-radio-valencia-hora-14-comunitat-valenciana-2298"],"acf":{"url":"https:\/\/sdmedia.playser.cadenaser.com\/mcv\/playser\/multimedia\/20240609\/4029360_113041_audio_128.mp3"},"_links":{"self":[{"href":"https:\/\/serbenidorm.daliisolutions.com\/index.php\/wp-json\/wp\/v2\/dm-podcast\/5973","targetHints":{"allow":["GET"]}}],"collection":[{"href":"https:\/\/serbenidorm.daliisolutions.com\/index.php\/wp-json\/wp\/v2\/dm-podcast"}],"about":[{"href":"https:\/\/serbenidorm.daliisolutions.com\/index.php\/wp-json\/wp\/v2\/types\/dm-podcast"}],"wp:attachment":[{"href":"https:\/\/serbenidorm.daliisolutions.com\/index.php\/wp-json\/wp\/v2\/media?parent=5973"}],"wp:term":[{"taxonomy":"dm-programa","embeddable":true,"href":"https:\/\/serbenidorm.daliisolutions.com\/index.php\/wp-json\/wp\/v2\/dm-programa?post=5973"}],"curies":[{"name":"wp","href":"https:\/\/api.w.org\/{rel}","templated":true}]}}

Vicent Marzà (candidato de Compromís-Sumar al Parlamento Europeo) se ha mostrado convencido de que esta jornada será «un día de celebración»
