{"id":6006,"date":"2024-06-11T08:28:54","date_gmt":"2024-06-11T06:28:54","guid":{"rendered":"https:\/\/serbenidorm.daliisolutions.com\/index.php\/dm-podcast\/gerard-fullana-compromis-celebra-la-admision-a-tramite-de-su-recurso-contra-el-decreto-de-admision-escolar\/"},"modified":"2024-06-11T08:28:54","modified_gmt":"2024-06-11T06:28:54","slug":"gerard-fullana-compromis-celebra-la-admision-a-tramite-de-su-recurso-contra-el-decreto-de-admision-escolar","status":"publish","type":"dm-podcast","link":"https:\/\/serbenidorm.daliisolutions.com\/index.php\/dm-podcast\/gerard-fullana-compromis-celebra-la-admision-a-tramite-de-su-recurso-contra-el-decreto-de-admision-escolar\/","title":{"rendered":"Gerard Fullana (Comprom\u00eds) celebra la admisi\u00f3n a tr\u00e1mite de su recurso contra el decreto de admisi\u00f3n escolar"},"featured_media":0,"template":"","meta":{"_acf_changed":false},"dm-programa":[7],"class_list":["post-6006","dm-podcast","type-dm-podcast","status-publish","hentry","dm-programa-podcast-radio-valencia-hora-14-comunitat-valenciana-2298"],"acf":{"url":"https:\/\/sdmedia.playser.cadenaser.com\/mcv\/playser\/multimedia\/20240610\/4030152_102537_audio_128.mp3"},"_links":{"self":[{"href":"https:\/\/serbenidorm.daliisolutions.com\/index.php\/wp-json\/wp\/v2\/dm-podcast\/6006","targetHints":{"allow":["GET"]}}],"collection":[{"href":"https:\/\/serbenidorm.daliisolutions.com\/index.php\/wp-json\/wp\/v2\/dm-podcast"}],"about":[{"href":"https:\/\/serbenidorm.daliisolutions.com\/index.php\/wp-json\/wp\/v2\/types\/dm-podcast"}],"wp:attachment":[{"href":"https:\/\/serbenidorm.daliisolutions.com\/index.php\/wp-json\/wp\/v2\/media?parent=6006"}],"wp:term":[{"taxonomy":"dm-programa","embeddable":true,"href":"https:\/\/serbenidorm.daliisolutions.com\/index.php\/wp-json\/wp\/v2\/dm-programa?post=6006"}],"curies":[{"name":"wp","href":"https:\/\/api.w.org\/{rel}","templated":true}]}}

Gerard Fullana (Compromís) celebra la admisión a trámite de su recurso contra el decreto de admisión escolar
