{"id":6033,"date":"2024-06-12T08:27:07","date_gmt":"2024-06-12T06:27:07","guid":{"rendered":"https:\/\/serbenidorm.daliisolutions.com\/index.php\/dm-podcast\/pilar-bernabe-destaca-que-el-plan-de-accion-contra-el-ruido-del-aeropuerto-de-manises-es-pionero-en-espana\/"},"modified":"2024-06-12T08:27:07","modified_gmt":"2024-06-12T06:27:07","slug":"pilar-bernabe-destaca-que-el-plan-de-accion-contra-el-ruido-del-aeropuerto-de-manises-es-pionero-en-espana","status":"publish","type":"dm-podcast","link":"https:\/\/serbenidorm.daliisolutions.com\/index.php\/dm-podcast\/pilar-bernabe-destaca-que-el-plan-de-accion-contra-el-ruido-del-aeropuerto-de-manises-es-pionero-en-espana\/","title":{"rendered":"Pilar Bernab\u00e9 destaca que el Plan de Acci\u00f3n contra el Ruido del aeropuerto de Manises es pionero en Espa\u00f1a"},"featured_media":0,"template":"","meta":{"_acf_changed":false},"dm-programa":[7],"class_list":["post-6033","dm-podcast","type-dm-podcast","status-publish","hentry","dm-programa-podcast-radio-valencia-hora-14-comunitat-valenciana-2298"],"acf":{"url":"https:\/\/sdmedia.playser.cadenaser.com\/mcv\/playser\/multimedia\/20240611\/4031799_102056_audio_128.mp3"},"_links":{"self":[{"href":"https:\/\/serbenidorm.daliisolutions.com\/index.php\/wp-json\/wp\/v2\/dm-podcast\/6033","targetHints":{"allow":["GET"]}}],"collection":[{"href":"https:\/\/serbenidorm.daliisolutions.com\/index.php\/wp-json\/wp\/v2\/dm-podcast"}],"about":[{"href":"https:\/\/serbenidorm.daliisolutions.com\/index.php\/wp-json\/wp\/v2\/types\/dm-podcast"}],"wp:attachment":[{"href":"https:\/\/serbenidorm.daliisolutions.com\/index.php\/wp-json\/wp\/v2\/media?parent=6033"}],"wp:term":[{"taxonomy":"dm-programa","embeddable":true,"href":"https:\/\/serbenidorm.daliisolutions.com\/index.php\/wp-json\/wp\/v2\/dm-programa?post=6033"}],"curies":[{"name":"wp","href":"https:\/\/api.w.org\/{rel}","templated":true}]}}

Pilar Bernabé destaca que el Plan de Acción contra el Ruido del aeropuerto de Manises es pionero en España
