{"id":625,"date":"2023-12-14T14:51:45","date_gmt":"2023-12-14T13:51:45","guid":{"rendered":"https:\/\/serbenidorm.daliisolutions.com\/index.php\/dm-podcast\/oscar-puente-ministro-de-transportes-el-martes-aprobaremos-la-licitacion-de-las-obras-de-la-ampliacion-de-la-terminal-norte-del-puerto-de-valencia\/"},"modified":"2023-12-14T14:51:45","modified_gmt":"2023-12-14T13:51:45","slug":"oscar-puente-ministro-de-transportes-el-martes-aprobaremos-la-licitacion-de-las-obras-de-la-ampliacion-de-la-terminal-norte-del-puerto-de-valencia","status":"publish","type":"dm-podcast","link":"https:\/\/serbenidorm.daliisolutions.com\/index.php\/dm-podcast\/oscar-puente-ministro-de-transportes-el-martes-aprobaremos-la-licitacion-de-las-obras-de-la-ampliacion-de-la-terminal-norte-del-puerto-de-valencia\/","title":{"rendered":"\u00d3scar Puente (Ministro de Transportes): \u00abEl martes aprobaremos la licitaci\u00f3n de las obras de la ampliaci\u00f3n de la terminal norte del puerto de Val\u00e8ncia\u00bb"},"featured_media":0,"template":"","meta":{"_acf_changed":false},"dm-programa":[7],"class_list":["post-625","dm-podcast","type-dm-podcast","status-publish","hentry","dm-programa-podcast-radio-valencia-hora-14-comunitat-valenciana-2298"],"acf":{"url":"https:\/\/sdmedia.playser.cadenaser.com\/playser\/multimedia\/202312\/14\/1702556216518_1702556235_audio_128.mp3"},"_links":{"self":[{"href":"https:\/\/serbenidorm.daliisolutions.com\/index.php\/wp-json\/wp\/v2\/dm-podcast\/625","targetHints":{"allow":["GET"]}}],"collection":[{"href":"https:\/\/serbenidorm.daliisolutions.com\/index.php\/wp-json\/wp\/v2\/dm-podcast"}],"about":[{"href":"https:\/\/serbenidorm.daliisolutions.com\/index.php\/wp-json\/wp\/v2\/types\/dm-podcast"}],"wp:attachment":[{"href":"https:\/\/serbenidorm.daliisolutions.com\/index.php\/wp-json\/wp\/v2\/media?parent=625"}],"wp:term":[{"taxonomy":"dm-programa","embeddable":true,"href":"https:\/\/serbenidorm.daliisolutions.com\/index.php\/wp-json\/wp\/v2\/dm-programa?post=625"}],"curies":[{"name":"wp","href":"https:\/\/api.w.org\/{rel}","templated":true}]}}

Óscar Puente (Ministro de Transportes): «El martes aprobaremos la licitación de las obras de la ampliación de la terminal norte del puerto de València»
