{"id":634,"date":"2023-12-14T15:41:55","date_gmt":"2023-12-14T14:41:55","guid":{"rendered":"https:\/\/serbenidorm.daliisolutions.com\/index.php\/dm-podcast\/inmaculada-rodriguez-pinero-eurodiputada-socialista-explica-que-se-ha-formado-un-frente-comun-en-la-eliminacion-de-la-ventaja-que-hasta-ahora-tenia-el-arroz-fuera-de-la-ue\/"},"modified":"2023-12-14T15:41:55","modified_gmt":"2023-12-14T14:41:55","slug":"inmaculada-rodriguez-pinero-eurodiputada-socialista-explica-que-se-ha-formado-un-frente-comun-en-la-eliminacion-de-la-ventaja-que-hasta-ahora-tenia-el-arroz-fuera-de-la-ue","status":"publish","type":"dm-podcast","link":"https:\/\/serbenidorm.daliisolutions.com\/index.php\/dm-podcast\/inmaculada-rodriguez-pinero-eurodiputada-socialista-explica-que-se-ha-formado-un-frente-comun-en-la-eliminacion-de-la-ventaja-que-hasta-ahora-tenia-el-arroz-fuera-de-la-ue\/","title":{"rendered":"Inmaculada Rodr\u00edguez-Pi\u00f1ero, eurodiputada socialista, explica que se ha formado un frente com\u00fan en la eliminaci\u00f3n de la ventaja que hasta ahora ten\u00eda el arroz fuera de la UE"},"featured_media":0,"template":"","meta":{"_acf_changed":false},"dm-programa":[7],"class_list":["post-634","dm-podcast","type-dm-podcast","status-publish","hentry","dm-programa-podcast-radio-valencia-hora-14-comunitat-valenciana-2298"],"acf":{"url":"https:\/\/sdmedia.playser.cadenaser.com\/playser\/multimedia\/202312\/14\/1702560605994_1702560687_audio_128.mp3"},"_links":{"self":[{"href":"https:\/\/serbenidorm.daliisolutions.com\/index.php\/wp-json\/wp\/v2\/dm-podcast\/634","targetHints":{"allow":["GET"]}}],"collection":[{"href":"https:\/\/serbenidorm.daliisolutions.com\/index.php\/wp-json\/wp\/v2\/dm-podcast"}],"about":[{"href":"https:\/\/serbenidorm.daliisolutions.com\/index.php\/wp-json\/wp\/v2\/types\/dm-podcast"}],"wp:attachment":[{"href":"https:\/\/serbenidorm.daliisolutions.com\/index.php\/wp-json\/wp\/v2\/media?parent=634"}],"wp:term":[{"taxonomy":"dm-programa","embeddable":true,"href":"https:\/\/serbenidorm.daliisolutions.com\/index.php\/wp-json\/wp\/v2\/dm-programa?post=634"}],"curies":[{"name":"wp","href":"https:\/\/api.w.org\/{rel}","templated":true}]}}

Inmaculada Rodríguez-Piñero, eurodiputada socialista, explica que se ha formado un frente común en la eliminación de la ventaja que hasta ahora tenía el arroz fuera de la UE
