{"id":638,"date":"2023-12-15T07:22:05","date_gmt":"2023-12-15T06:22:05","guid":{"rendered":"https:\/\/serbenidorm.daliisolutions.com\/index.php\/dm-podcast\/conocemos-a-jaime-cortes-el-nuevo-presidente-de-la-asociacion-de-penas-de-benidorm\/"},"modified":"2023-12-15T07:22:05","modified_gmt":"2023-12-15T06:22:05","slug":"conocemos-a-jaime-cortes-el-nuevo-presidente-de-la-asociacion-de-penas-de-benidorm","status":"publish","type":"dm-podcast","link":"https:\/\/serbenidorm.daliisolutions.com\/index.php\/dm-podcast\/conocemos-a-jaime-cortes-el-nuevo-presidente-de-la-asociacion-de-penas-de-benidorm\/","title":{"rendered":"Conocemos a Jaime Cort\u00e9s, el nuevo presidente de la Asociaci\u00f3n de Pe\u00f1as de Benidorm"},"featured_media":0,"template":"","meta":{"_acf_changed":false},"dm-programa":[2],"class_list":["post-638","dm-podcast","type-dm-podcast","status-publish","hentry","dm-programa-podcast-radio-benidorm-3154"],"acf":{"url":"https:\/\/sdmedia.playser.cadenaser.com\/playser\/multimedia\/202312\/14\/1702578509179_1702578538_audio_128.mp3"},"_links":{"self":[{"href":"https:\/\/serbenidorm.daliisolutions.com\/index.php\/wp-json\/wp\/v2\/dm-podcast\/638","targetHints":{"allow":["GET"]}}],"collection":[{"href":"https:\/\/serbenidorm.daliisolutions.com\/index.php\/wp-json\/wp\/v2\/dm-podcast"}],"about":[{"href":"https:\/\/serbenidorm.daliisolutions.com\/index.php\/wp-json\/wp\/v2\/types\/dm-podcast"}],"wp:attachment":[{"href":"https:\/\/serbenidorm.daliisolutions.com\/index.php\/wp-json\/wp\/v2\/media?parent=638"}],"wp:term":[{"taxonomy":"dm-programa","embeddable":true,"href":"https:\/\/serbenidorm.daliisolutions.com\/index.php\/wp-json\/wp\/v2\/dm-programa?post=638"}],"curies":[{"name":"wp","href":"https:\/\/api.w.org\/{rel}","templated":true}]}}

Conocemos a Jaime Cortés, el nuevo presidente de la Asociación de Peñas de Benidorm
