{"id":642,"date":"2023-12-15T07:22:05","date_gmt":"2023-12-15T06:22:05","guid":{"rendered":"https:\/\/serbenidorm.daliisolutions.com\/index.php\/dm-podcast\/el-diputado-de-compromis-sumar-alberto-ibanez-pide-a-pedro-sanchez-que-sea-valiente-para-no-aprobar-la-ampliacion-del-puerto\/"},"modified":"2023-12-15T07:22:05","modified_gmt":"2023-12-15T06:22:05","slug":"el-diputado-de-compromis-sumar-alberto-ibanez-pide-a-pedro-sanchez-que-sea-valiente-para-no-aprobar-la-ampliacion-del-puerto","status":"publish","type":"dm-podcast","link":"https:\/\/serbenidorm.daliisolutions.com\/index.php\/dm-podcast\/el-diputado-de-compromis-sumar-alberto-ibanez-pide-a-pedro-sanchez-que-sea-valiente-para-no-aprobar-la-ampliacion-del-puerto\/","title":{"rendered":"El diputado de Comprom\u00eds &#8211; Sumar, Alberto Iba\u00f1ez, pide a Pedro S\u00e1nchez que sea \u00abvaliente\u00bb para no aprobar la ampliaci\u00f3n del puerto"},"featured_media":0,"template":"","meta":{"_acf_changed":false},"dm-programa":[7],"class_list":["post-642","dm-podcast","type-dm-podcast","status-publish","hentry","dm-programa-podcast-radio-valencia-hora-14-comunitat-valenciana-2298"],"acf":{"url":"https:\/\/sdmedia.playser.cadenaser.com\/playser\/multimedia\/202312\/14\/1702569066234_1702569191_audio_128.mp3"},"_links":{"self":[{"href":"https:\/\/serbenidorm.daliisolutions.com\/index.php\/wp-json\/wp\/v2\/dm-podcast\/642","targetHints":{"allow":["GET"]}}],"collection":[{"href":"https:\/\/serbenidorm.daliisolutions.com\/index.php\/wp-json\/wp\/v2\/dm-podcast"}],"about":[{"href":"https:\/\/serbenidorm.daliisolutions.com\/index.php\/wp-json\/wp\/v2\/types\/dm-podcast"}],"wp:attachment":[{"href":"https:\/\/serbenidorm.daliisolutions.com\/index.php\/wp-json\/wp\/v2\/media?parent=642"}],"wp:term":[{"taxonomy":"dm-programa","embeddable":true,"href":"https:\/\/serbenidorm.daliisolutions.com\/index.php\/wp-json\/wp\/v2\/dm-programa?post=642"}],"curies":[{"name":"wp","href":"https:\/\/api.w.org\/{rel}","templated":true}]}}

El diputado de Compromís &#8211; Sumar, Alberto Ibañez, pide a Pedro Sánchez que sea «valiente» para no aprobar la ampliación del puerto
