{"id":644,"date":"2023-12-15T07:22:05","date_gmt":"2023-12-15T06:22:05","guid":{"rendered":"https:\/\/serbenidorm.daliisolutions.com\/index.php\/dm-podcast\/el-presidente-de-la-camara-de-comercio-jose-vicente-morata-aplaude-la-decision-de-ampliar-el-puerto-de-valencia-porque-favorecera-a-la-internacionalizacion-de-valencia\/"},"modified":"2023-12-15T07:22:05","modified_gmt":"2023-12-15T06:22:05","slug":"el-presidente-de-la-camara-de-comercio-jose-vicente-morata-aplaude-la-decision-de-ampliar-el-puerto-de-valencia-porque-favorecera-a-la-internacionalizacion-de-valencia","status":"publish","type":"dm-podcast","link":"https:\/\/serbenidorm.daliisolutions.com\/index.php\/dm-podcast\/el-presidente-de-la-camara-de-comercio-jose-vicente-morata-aplaude-la-decision-de-ampliar-el-puerto-de-valencia-porque-favorecera-a-la-internacionalizacion-de-valencia\/","title":{"rendered":"El presidente de la C\u00e1mara de Comercio, Jos\u00e9 Vicente Morata, aplaude la decisi\u00f3n de ampliar el puerto de Val\u00e8ncia porque favorecer\u00e1 a la internacionalizaci\u00f3n de Val\u00e8ncia"},"featured_media":0,"template":"","meta":{"_acf_changed":false},"dm-programa":[7],"class_list":["post-644","dm-podcast","type-dm-podcast","status-publish","hentry","dm-programa-podcast-radio-valencia-hora-14-comunitat-valenciana-2298"],"acf":{"url":"https:\/\/sdmedia.playser.cadenaser.com\/playser\/multimedia\/202312\/14\/1702569071077_1702569104_audio_128.mp3"},"_links":{"self":[{"href":"https:\/\/serbenidorm.daliisolutions.com\/index.php\/wp-json\/wp\/v2\/dm-podcast\/644","targetHints":{"allow":["GET"]}}],"collection":[{"href":"https:\/\/serbenidorm.daliisolutions.com\/index.php\/wp-json\/wp\/v2\/dm-podcast"}],"about":[{"href":"https:\/\/serbenidorm.daliisolutions.com\/index.php\/wp-json\/wp\/v2\/types\/dm-podcast"}],"wp:attachment":[{"href":"https:\/\/serbenidorm.daliisolutions.com\/index.php\/wp-json\/wp\/v2\/media?parent=644"}],"wp:term":[{"taxonomy":"dm-programa","embeddable":true,"href":"https:\/\/serbenidorm.daliisolutions.com\/index.php\/wp-json\/wp\/v2\/dm-programa?post=644"}],"curies":[{"name":"wp","href":"https:\/\/api.w.org\/{rel}","templated":true}]}}

El presidente de la Cámara de Comercio, José Vicente Morata, aplaude la decisión de ampliar el puerto de València porque favorecerá a la internacionalización de València
