{"id":663,"date":"2023-12-15T16:29:47","date_gmt":"2023-12-15T15:29:47","guid":{"rendered":"https:\/\/serbenidorm.daliisolutions.com\/index.php\/dm-podcast\/el-secretario-general-del-spplb-paco-angel-garcia-nos-desvela-su-otra-faceta-como-cantante-en-la-musica-de-tu-vida\/"},"modified":"2023-12-15T16:29:47","modified_gmt":"2023-12-15T15:29:47","slug":"el-secretario-general-del-spplb-paco-angel-garcia-nos-desvela-su-otra-faceta-como-cantante-en-la-musica-de-tu-vida","status":"publish","type":"dm-podcast","link":"https:\/\/serbenidorm.daliisolutions.com\/index.php\/dm-podcast\/el-secretario-general-del-spplb-paco-angel-garcia-nos-desvela-su-otra-faceta-como-cantante-en-la-musica-de-tu-vida\/","title":{"rendered":"El secretario general del SPPLB, Paco \u00c1ngel Garc\u00eda, nos desvela su otra faceta como cantante en La M\u00fasica de tu Vida"},"featured_media":0,"template":"","meta":{"_acf_changed":false},"dm-programa":[2],"class_list":["post-663","dm-podcast","type-dm-podcast","status-publish","hentry","dm-programa-podcast-radio-benidorm-3154"],"acf":{"url":"https:\/\/sdmedia.playser.cadenaser.com\/playser\/multimedia\/202312\/15\/1702647311566_1702647466_audio_128.mp3"},"_links":{"self":[{"href":"https:\/\/serbenidorm.daliisolutions.com\/index.php\/wp-json\/wp\/v2\/dm-podcast\/663","targetHints":{"allow":["GET"]}}],"collection":[{"href":"https:\/\/serbenidorm.daliisolutions.com\/index.php\/wp-json\/wp\/v2\/dm-podcast"}],"about":[{"href":"https:\/\/serbenidorm.daliisolutions.com\/index.php\/wp-json\/wp\/v2\/types\/dm-podcast"}],"wp:attachment":[{"href":"https:\/\/serbenidorm.daliisolutions.com\/index.php\/wp-json\/wp\/v2\/media?parent=663"}],"wp:term":[{"taxonomy":"dm-programa","embeddable":true,"href":"https:\/\/serbenidorm.daliisolutions.com\/index.php\/wp-json\/wp\/v2\/dm-programa?post=663"}],"curies":[{"name":"wp","href":"https:\/\/api.w.org\/{rel}","templated":true}]}}

El secretario general del SPPLB, Paco Ángel García, nos desvela su otra faceta como cantante en La Música de tu Vida
