{"id":680,"date":"2023-12-16T13:20:49","date_gmt":"2023-12-16T12:20:49","guid":{"rendered":"https:\/\/serbenidorm.daliisolutions.com\/index.php\/dm-podcast\/julio-molto-presidente-de-la-asociacion-de-vecinos-de-natzaret-pide-que-se-ejecuten-las-obras-del-parque-de-desembocadura-de-valencia\/"},"modified":"2023-12-16T13:20:49","modified_gmt":"2023-12-16T12:20:49","slug":"julio-molto-presidente-de-la-asociacion-de-vecinos-de-natzaret-pide-que-se-ejecuten-las-obras-del-parque-de-desembocadura-de-valencia","status":"publish","type":"dm-podcast","link":"https:\/\/serbenidorm.daliisolutions.com\/index.php\/dm-podcast\/julio-molto-presidente-de-la-asociacion-de-vecinos-de-natzaret-pide-que-se-ejecuten-las-obras-del-parque-de-desembocadura-de-valencia\/","title":{"rendered":"Julio Molt\u00f3 (presidente de la Asociaci\u00f3n de Vecinos de Natzaret) pide que se ejecuten las obras del Parque de Desembocadura de Val\u00e8ncia"},"featured_media":0,"template":"","meta":{"_acf_changed":false},"dm-programa":[7],"class_list":["post-680","dm-podcast","type-dm-podcast","status-publish","hentry","dm-programa-podcast-radio-valencia-hora-14-comunitat-valenciana-2298"],"acf":{"url":"https:\/\/sdmedia.playser.cadenaser.com\/playser\/multimedia\/202312\/16\/1702722548183_1702722547_audio_128.mp3"},"_links":{"self":[{"href":"https:\/\/serbenidorm.daliisolutions.com\/index.php\/wp-json\/wp\/v2\/dm-podcast\/680","targetHints":{"allow":["GET"]}}],"collection":[{"href":"https:\/\/serbenidorm.daliisolutions.com\/index.php\/wp-json\/wp\/v2\/dm-podcast"}],"about":[{"href":"https:\/\/serbenidorm.daliisolutions.com\/index.php\/wp-json\/wp\/v2\/types\/dm-podcast"}],"wp:attachment":[{"href":"https:\/\/serbenidorm.daliisolutions.com\/index.php\/wp-json\/wp\/v2\/media?parent=680"}],"wp:term":[{"taxonomy":"dm-programa","embeddable":true,"href":"https:\/\/serbenidorm.daliisolutions.com\/index.php\/wp-json\/wp\/v2\/dm-programa?post=680"}],"curies":[{"name":"wp","href":"https:\/\/api.w.org\/{rel}","templated":true}]}}

Julio Moltó (presidente de la Asociación de Vecinos de Natzaret) pide que se ejecuten las obras del Parque de Desembocadura de València
