{"id":681,"date":"2023-12-16T15:38:45","date_gmt":"2023-12-16T14:38:45","guid":{"rendered":"https:\/\/serbenidorm.daliisolutions.com\/index.php\/dm-podcast\/borja-avila-presidente-de-la-asociacion-de-comerciantes-del-centro-de-valencia-no-tenemos-una-varita-magica\/"},"modified":"2023-12-16T15:38:45","modified_gmt":"2023-12-16T14:38:45","slug":"borja-avila-presidente-de-la-asociacion-de-comerciantes-del-centro-de-valencia-no-tenemos-una-varita-magica","status":"publish","type":"dm-podcast","link":"https:\/\/serbenidorm.daliisolutions.com\/index.php\/dm-podcast\/borja-avila-presidente-de-la-asociacion-de-comerciantes-del-centro-de-valencia-no-tenemos-una-varita-magica\/","title":{"rendered":"Borja \u00c1vila (presidente de la Asociaci\u00f3n de Comerciantes del Centro de Val\u00e8ncia): \u00abNo tenemos una varita m\u00e1gica\u00bb"},"featured_media":0,"template":"","meta":{"_acf_changed":false},"dm-programa":[7],"class_list":["post-681","dm-podcast","type-dm-podcast","status-publish","hentry","dm-programa-podcast-radio-valencia-hora-14-comunitat-valenciana-2298"],"acf":{"url":"https:\/\/sdmedia.playser.cadenaser.com\/playser\/multimedia\/202312\/16\/1702734618675_1702734611_audio_128.mp3"},"_links":{"self":[{"href":"https:\/\/serbenidorm.daliisolutions.com\/index.php\/wp-json\/wp\/v2\/dm-podcast\/681","targetHints":{"allow":["GET"]}}],"collection":[{"href":"https:\/\/serbenidorm.daliisolutions.com\/index.php\/wp-json\/wp\/v2\/dm-podcast"}],"about":[{"href":"https:\/\/serbenidorm.daliisolutions.com\/index.php\/wp-json\/wp\/v2\/types\/dm-podcast"}],"wp:attachment":[{"href":"https:\/\/serbenidorm.daliisolutions.com\/index.php\/wp-json\/wp\/v2\/media?parent=681"}],"wp:term":[{"taxonomy":"dm-programa","embeddable":true,"href":"https:\/\/serbenidorm.daliisolutions.com\/index.php\/wp-json\/wp\/v2\/dm-programa?post=681"}],"curies":[{"name":"wp","href":"https:\/\/api.w.org\/{rel}","templated":true}]}}

Borja Ávila (presidente de la Asociación de Comerciantes del Centro de València): «No tenemos una varita mágica»
