{"id":698,"date":"2023-12-18T09:53:54","date_gmt":"2023-12-18T08:53:54","guid":{"rendered":"https:\/\/serbenidorm.daliisolutions.com\/index.php\/dm-podcast\/julio-abad-patim-cuanta-mas-oferta-mas-demanda-y-mas-riesgo\/"},"modified":"2023-12-18T09:53:54","modified_gmt":"2023-12-18T08:53:54","slug":"julio-abad-patim-cuanta-mas-oferta-mas-demanda-y-mas-riesgo","status":"publish","type":"dm-podcast","link":"https:\/\/serbenidorm.daliisolutions.com\/index.php\/dm-podcast\/julio-abad-patim-cuanta-mas-oferta-mas-demanda-y-mas-riesgo\/","title":{"rendered":"Julio Abad (Patim): \u00abCuanta m\u00e1s oferta, m\u00e1s demanda y m\u00e1s riesgo\u00bb"},"featured_media":0,"template":"","meta":{"_acf_changed":false},"dm-programa":[7],"class_list":["post-698","dm-podcast","type-dm-podcast","status-publish","hentry","dm-programa-podcast-radio-valencia-hora-14-comunitat-valenciana-2298"],"acf":{"url":"https:\/\/sdmedia.playser.cadenaser.com\/playser\/multimedia\/202312\/17\/1702811776370_1702811827_audio_128.mp3"},"_links":{"self":[{"href":"https:\/\/serbenidorm.daliisolutions.com\/index.php\/wp-json\/wp\/v2\/dm-podcast\/698","targetHints":{"allow":["GET"]}}],"collection":[{"href":"https:\/\/serbenidorm.daliisolutions.com\/index.php\/wp-json\/wp\/v2\/dm-podcast"}],"about":[{"href":"https:\/\/serbenidorm.daliisolutions.com\/index.php\/wp-json\/wp\/v2\/types\/dm-podcast"}],"wp:attachment":[{"href":"https:\/\/serbenidorm.daliisolutions.com\/index.php\/wp-json\/wp\/v2\/media?parent=698"}],"wp:term":[{"taxonomy":"dm-programa","embeddable":true,"href":"https:\/\/serbenidorm.daliisolutions.com\/index.php\/wp-json\/wp\/v2\/dm-programa?post=698"}],"curies":[{"name":"wp","href":"https:\/\/api.w.org\/{rel}","templated":true}]}}

Julio Abad (Patim): «Cuanta más oferta, más demanda y más riesgo»
