{"id":702,"date":"2023-12-18T09:53:54","date_gmt":"2023-12-18T08:53:54","guid":{"rendered":"https:\/\/serbenidorm.daliisolutions.com\/index.php\/dm-podcast\/vicente-inglada-uce-mas-alla-del-ahorro-economico-deberia-valorarse-que-estas-medidas-se-prologaran-mas-tiempo-o-incluso-para-siempre\/"},"modified":"2023-12-18T09:53:54","modified_gmt":"2023-12-18T08:53:54","slug":"vicente-inglada-uce-mas-alla-del-ahorro-economico-deberia-valorarse-que-estas-medidas-se-prologaran-mas-tiempo-o-incluso-para-siempre","status":"publish","type":"dm-podcast","link":"https:\/\/serbenidorm.daliisolutions.com\/index.php\/dm-podcast\/vicente-inglada-uce-mas-alla-del-ahorro-economico-deberia-valorarse-que-estas-medidas-se-prologaran-mas-tiempo-o-incluso-para-siempre\/","title":{"rendered":"Vicente Inglada (UCE): \u00abM\u00e1s all\u00e1 del ahorro econ\u00f3mico, deber\u00eda valorarse que estas medidas se prologaran m\u00e1s tiempo o incluso para siempre\u00bb"},"featured_media":0,"template":"","meta":{"_acf_changed":false},"dm-programa":[7],"class_list":["post-702","dm-podcast","type-dm-podcast","status-publish","hentry","dm-programa-podcast-radio-valencia-hora-14-comunitat-valenciana-2298"],"acf":{"url":"https:\/\/sdmedia.playser.cadenaser.com\/playser\/multimedia\/202312\/17\/1702810689309_1702810732_audio_128.mp3"},"_links":{"self":[{"href":"https:\/\/serbenidorm.daliisolutions.com\/index.php\/wp-json\/wp\/v2\/dm-podcast\/702","targetHints":{"allow":["GET"]}}],"collection":[{"href":"https:\/\/serbenidorm.daliisolutions.com\/index.php\/wp-json\/wp\/v2\/dm-podcast"}],"about":[{"href":"https:\/\/serbenidorm.daliisolutions.com\/index.php\/wp-json\/wp\/v2\/types\/dm-podcast"}],"wp:attachment":[{"href":"https:\/\/serbenidorm.daliisolutions.com\/index.php\/wp-json\/wp\/v2\/media?parent=702"}],"wp:term":[{"taxonomy":"dm-programa","embeddable":true,"href":"https:\/\/serbenidorm.daliisolutions.com\/index.php\/wp-json\/wp\/v2\/dm-programa?post=702"}],"curies":[{"name":"wp","href":"https:\/\/api.w.org\/{rel}","templated":true}]}}

Vicente Inglada (UCE): «Más allá del ahorro económico, debería valorarse que estas medidas se prologaran más tiempo o incluso para siempre»
