{"id":703,"date":"2023-12-18T09:53:54","date_gmt":"2023-12-18T08:53:54","guid":{"rendered":"https:\/\/serbenidorm.daliisolutions.com\/index.php\/dm-podcast\/ximo-puig-pspv-ens-va-sobrar-confianca-i-el-maxim-responsable-soc-jo\/"},"modified":"2023-12-18T09:53:54","modified_gmt":"2023-12-18T08:53:54","slug":"ximo-puig-pspv-ens-va-sobrar-confianca-i-el-maxim-responsable-soc-jo","status":"publish","type":"dm-podcast","link":"https:\/\/serbenidorm.daliisolutions.com\/index.php\/dm-podcast\/ximo-puig-pspv-ens-va-sobrar-confianca-i-el-maxim-responsable-soc-jo\/","title":{"rendered":"Ximo Puig (PSPV): \u00abEns va sobrar confian\u00e7a i el m\u00e0xim responsable s\u00f3c jo\u00bb"},"featured_media":0,"template":"","meta":{"_acf_changed":false},"dm-programa":[7],"class_list":["post-703","dm-podcast","type-dm-podcast","status-publish","hentry","dm-programa-podcast-radio-valencia-hora-14-comunitat-valenciana-2298"],"acf":{"url":"https:\/\/sdmedia.playser.cadenaser.com\/playser\/multimedia\/202312\/16\/1702737439709_1702737477_audio_128.mp3"},"_links":{"self":[{"href":"https:\/\/serbenidorm.daliisolutions.com\/index.php\/wp-json\/wp\/v2\/dm-podcast\/703","targetHints":{"allow":["GET"]}}],"collection":[{"href":"https:\/\/serbenidorm.daliisolutions.com\/index.php\/wp-json\/wp\/v2\/dm-podcast"}],"about":[{"href":"https:\/\/serbenidorm.daliisolutions.com\/index.php\/wp-json\/wp\/v2\/types\/dm-podcast"}],"wp:attachment":[{"href":"https:\/\/serbenidorm.daliisolutions.com\/index.php\/wp-json\/wp\/v2\/media?parent=703"}],"wp:term":[{"taxonomy":"dm-programa","embeddable":true,"href":"https:\/\/serbenidorm.daliisolutions.com\/index.php\/wp-json\/wp\/v2\/dm-programa?post=703"}],"curies":[{"name":"wp","href":"https:\/\/api.w.org\/{rel}","templated":true}]}}

Ximo Puig (PSPV): «Ens va sobrar confiança i el màxim responsable sóc jo»
