{"id":713,"date":"2023-12-18T11:43:57","date_gmt":"2023-12-18T10:43:57","guid":{"rendered":"https:\/\/serbenidorm.daliisolutions.com\/index.php\/dm-podcast\/chelo-alvarez-psicologa-de-la-asociacion-alanna-afirma-que-falla-la-educacion-y-eso-provoca-una-sociedad-insensible-ante-la-violencia-de-genero\/"},"modified":"2023-12-18T11:43:57","modified_gmt":"2023-12-18T10:43:57","slug":"chelo-alvarez-psicologa-de-la-asociacion-alanna-afirma-que-falla-la-educacion-y-eso-provoca-una-sociedad-insensible-ante-la-violencia-de-genero","status":"publish","type":"dm-podcast","link":"https:\/\/serbenidorm.daliisolutions.com\/index.php\/dm-podcast\/chelo-alvarez-psicologa-de-la-asociacion-alanna-afirma-que-falla-la-educacion-y-eso-provoca-una-sociedad-insensible-ante-la-violencia-de-genero\/","title":{"rendered":"Chelo Alv\u00e1rez (psic\u00f3loga de la Asociaci\u00f3n Alanna) afirma que falla la educaci\u00f3n y eso provoca una sociedad insensible ante la violencia de g\u00e9nero"},"featured_media":0,"template":"","meta":{"_acf_changed":false},"dm-programa":[7],"class_list":["post-713","dm-podcast","type-dm-podcast","status-publish","hentry","dm-programa-podcast-radio-valencia-hora-14-comunitat-valenciana-2298"],"acf":{"url":"https:\/\/sdmedia.playser.cadenaser.com\/playser\/multimedia\/202312\/18\/1702892901144_1702892944_audio_128.mp3"},"_links":{"self":[{"href":"https:\/\/serbenidorm.daliisolutions.com\/index.php\/wp-json\/wp\/v2\/dm-podcast\/713","targetHints":{"allow":["GET"]}}],"collection":[{"href":"https:\/\/serbenidorm.daliisolutions.com\/index.php\/wp-json\/wp\/v2\/dm-podcast"}],"about":[{"href":"https:\/\/serbenidorm.daliisolutions.com\/index.php\/wp-json\/wp\/v2\/types\/dm-podcast"}],"wp:attachment":[{"href":"https:\/\/serbenidorm.daliisolutions.com\/index.php\/wp-json\/wp\/v2\/media?parent=713"}],"wp:term":[{"taxonomy":"dm-programa","embeddable":true,"href":"https:\/\/serbenidorm.daliisolutions.com\/index.php\/wp-json\/wp\/v2\/dm-programa?post=713"}],"curies":[{"name":"wp","href":"https:\/\/api.w.org\/{rel}","templated":true}]}}

Chelo Alvárez (psicóloga de la Asociación Alanna) afirma que falla la educación y eso provoca una sociedad insensible ante la violencia de género
