{"id":7614,"date":"2024-08-12T16:43:38","date_gmt":"2024-08-12T14:43:38","guid":{"rendered":"https:\/\/serbenidorm.daliisolutions.com\/index.php\/dm-podcast\/rocio-cortes-alcaldesa-de-requena-asegura-que-no-teme-una-mocion-de-censura\/"},"modified":"2024-08-12T16:43:38","modified_gmt":"2024-08-12T14:43:38","slug":"rocio-cortes-alcaldesa-de-requena-asegura-que-no-teme-una-mocion-de-censura","status":"publish","type":"dm-podcast","link":"https:\/\/serbenidorm.daliisolutions.com\/index.php\/dm-podcast\/rocio-cortes-alcaldesa-de-requena-asegura-que-no-teme-una-mocion-de-censura\/","title":{"rendered":"Roc\u00edo Cort\u00e9s, alcaldesa de Requena, asegura que no teme una moci\u00f3n de censura"},"featured_media":0,"template":"","meta":{"_acf_changed":false},"dm-programa":[7],"class_list":["post-7614","dm-podcast","type-dm-podcast","status-publish","hentry","dm-programa-podcast-radio-valencia-hora-14-comunitat-valenciana-2298"],"acf":{"url":"https:\/\/sdmedia.playser.cadenaser.com\/mcv\/playser\/multimedia\/20240812\/4100646_110634_audio_128.mp3"},"_links":{"self":[{"href":"https:\/\/serbenidorm.daliisolutions.com\/index.php\/wp-json\/wp\/v2\/dm-podcast\/7614","targetHints":{"allow":["GET"]}}],"collection":[{"href":"https:\/\/serbenidorm.daliisolutions.com\/index.php\/wp-json\/wp\/v2\/dm-podcast"}],"about":[{"href":"https:\/\/serbenidorm.daliisolutions.com\/index.php\/wp-json\/wp\/v2\/types\/dm-podcast"}],"wp:attachment":[{"href":"https:\/\/serbenidorm.daliisolutions.com\/index.php\/wp-json\/wp\/v2\/media?parent=7614"}],"wp:term":[{"taxonomy":"dm-programa","embeddable":true,"href":"https:\/\/serbenidorm.daliisolutions.com\/index.php\/wp-json\/wp\/v2\/dm-programa?post=7614"}],"curies":[{"name":"wp","href":"https:\/\/api.w.org\/{rel}","templated":true}]}}

Rocío Cortés, alcaldesa de Requena, asegura que no teme una moción de censura
