{"id":7616,"date":"2024-08-12T16:43:38","date_gmt":"2024-08-12T14:43:38","guid":{"rendered":"https:\/\/serbenidorm.daliisolutions.com\/index.php\/dm-podcast\/jose-angel-nunez-aemet-sobre-la-dana-que-no-paliara-la-sequia\/"},"modified":"2024-08-12T16:43:38","modified_gmt":"2024-08-12T14:43:38","slug":"jose-angel-nunez-aemet-sobre-la-dana-que-no-paliara-la-sequia","status":"publish","type":"dm-podcast","link":"https:\/\/serbenidorm.daliisolutions.com\/index.php\/dm-podcast\/jose-angel-nunez-aemet-sobre-la-dana-que-no-paliara-la-sequia\/","title":{"rendered":"Jos\u00e9 \u00c1ngel N\u00fa\u00f1ez (Aemet) sobre la DANA, que no paliar\u00e1 la sequ\u00eda"},"featured_media":0,"template":"","meta":{"_acf_changed":false},"dm-programa":[7],"class_list":["post-7616","dm-podcast","type-dm-podcast","status-publish","hentry","dm-programa-podcast-radio-valencia-hora-14-comunitat-valenciana-2298"],"acf":{"url":"https:\/\/sdmedia.playser.cadenaser.com\/mcv\/playser\/multimedia\/20240812\/4100725_115218_audio_128.mp3"},"_links":{"self":[{"href":"https:\/\/serbenidorm.daliisolutions.com\/index.php\/wp-json\/wp\/v2\/dm-podcast\/7616","targetHints":{"allow":["GET"]}}],"collection":[{"href":"https:\/\/serbenidorm.daliisolutions.com\/index.php\/wp-json\/wp\/v2\/dm-podcast"}],"about":[{"href":"https:\/\/serbenidorm.daliisolutions.com\/index.php\/wp-json\/wp\/v2\/types\/dm-podcast"}],"wp:attachment":[{"href":"https:\/\/serbenidorm.daliisolutions.com\/index.php\/wp-json\/wp\/v2\/media?parent=7616"}],"wp:term":[{"taxonomy":"dm-programa","embeddable":true,"href":"https:\/\/serbenidorm.daliisolutions.com\/index.php\/wp-json\/wp\/v2\/dm-programa?post=7616"}],"curies":[{"name":"wp","href":"https:\/\/api.w.org\/{rel}","templated":true}]}}

José Ángel Núñez (Aemet) sobre la DANA, que no paliará la sequía
