{"id":7653,"date":"2024-08-14T15:13:26","date_gmt":"2024-08-14T13:13:26","guid":{"rendered":"https:\/\/serbenidorm.daliisolutions.com\/index.php\/dm-podcast\/dimas-vazquez-pspv-denuncia-la-manipulacion-de-ens-uneix-que-ha-llevado-a-saez-a-pensar-que-es-el-obama-de-sueca\/"},"modified":"2024-08-14T15:13:26","modified_gmt":"2024-08-14T13:13:26","slug":"dimas-vazquez-pspv-denuncia-la-manipulacion-de-ens-uneix-que-ha-llevado-a-saez-a-pensar-que-es-el-obama-de-sueca","status":"publish","type":"dm-podcast","link":"https:\/\/serbenidorm.daliisolutions.com\/index.php\/dm-podcast\/dimas-vazquez-pspv-denuncia-la-manipulacion-de-ens-uneix-que-ha-llevado-a-saez-a-pensar-que-es-el-obama-de-sueca\/","title":{"rendered":"Dim\u00e1s V\u00e1zquez (PSPV) denuncia la manipulaci\u00f3n de Ens Uneix que ha llevado a S\u00e1ez a pensar que es \u00abel Obama de Sueca\u00bb"},"featured_media":0,"template":"","meta":{"_acf_changed":false},"dm-programa":[7],"class_list":["post-7653","dm-podcast","type-dm-podcast","status-publish","hentry","dm-programa-podcast-radio-valencia-hora-14-comunitat-valenciana-2298"],"acf":{"url":"https:\/\/sdmedia.playser.cadenaser.com\/mcv\/playser\/multimedia\/20240814\/4103089_111018_audio_128.mp3"},"_links":{"self":[{"href":"https:\/\/serbenidorm.daliisolutions.com\/index.php\/wp-json\/wp\/v2\/dm-podcast\/7653","targetHints":{"allow":["GET"]}}],"collection":[{"href":"https:\/\/serbenidorm.daliisolutions.com\/index.php\/wp-json\/wp\/v2\/dm-podcast"}],"about":[{"href":"https:\/\/serbenidorm.daliisolutions.com\/index.php\/wp-json\/wp\/v2\/types\/dm-podcast"}],"wp:attachment":[{"href":"https:\/\/serbenidorm.daliisolutions.com\/index.php\/wp-json\/wp\/v2\/media?parent=7653"}],"wp:term":[{"taxonomy":"dm-programa","embeddable":true,"href":"https:\/\/serbenidorm.daliisolutions.com\/index.php\/wp-json\/wp\/v2\/dm-programa?post=7653"}],"curies":[{"name":"wp","href":"https:\/\/api.w.org\/{rel}","templated":true}]}}

Dimás Vázquez (PSPV) denuncia la manipulación de Ens Uneix que ha llevado a Sáez a pensar que es «el Obama de Sueca»
