{"id":7656,"date":"2024-08-14T15:13:26","date_gmt":"2024-08-14T13:13:26","guid":{"rendered":"https:\/\/serbenidorm.daliisolutions.com\/index.php\/dm-podcast\/mayte-garcia-hosbec-destaca-la-disposicion-del-sector-hotelero-a-colaborar-ante-la-sequia\/"},"modified":"2024-08-14T15:13:26","modified_gmt":"2024-08-14T13:13:26","slug":"mayte-garcia-hosbec-destaca-la-disposicion-del-sector-hotelero-a-colaborar-ante-la-sequia","status":"publish","type":"dm-podcast","link":"https:\/\/serbenidorm.daliisolutions.com\/index.php\/dm-podcast\/mayte-garcia-hosbec-destaca-la-disposicion-del-sector-hotelero-a-colaborar-ante-la-sequia\/","title":{"rendered":"Mayte Garc\u00eda (Hosbec) destaca la disposici\u00f3n del sector hotelero a colaborar ante la sequ\u00eda"},"featured_media":0,"template":"","meta":{"_acf_changed":false},"dm-programa":[7],"class_list":["post-7656","dm-podcast","type-dm-podcast","status-publish","hentry","dm-programa-podcast-radio-valencia-hora-14-comunitat-valenciana-2298"],"acf":{"url":"https:\/\/sdmedia.playser.cadenaser.com\/mcv\/playser\/multimedia\/20240814\/4103097_111908_audio_128.mp3"},"_links":{"self":[{"href":"https:\/\/serbenidorm.daliisolutions.com\/index.php\/wp-json\/wp\/v2\/dm-podcast\/7656","targetHints":{"allow":["GET"]}}],"collection":[{"href":"https:\/\/serbenidorm.daliisolutions.com\/index.php\/wp-json\/wp\/v2\/dm-podcast"}],"about":[{"href":"https:\/\/serbenidorm.daliisolutions.com\/index.php\/wp-json\/wp\/v2\/types\/dm-podcast"}],"wp:attachment":[{"href":"https:\/\/serbenidorm.daliisolutions.com\/index.php\/wp-json\/wp\/v2\/media?parent=7656"}],"wp:term":[{"taxonomy":"dm-programa","embeddable":true,"href":"https:\/\/serbenidorm.daliisolutions.com\/index.php\/wp-json\/wp\/v2\/dm-programa?post=7656"}],"curies":[{"name":"wp","href":"https:\/\/api.w.org\/{rel}","templated":true}]}}

Mayte García (Hosbec) destaca la disposición del sector hotelero a colaborar ante la sequía
