{"id":7672,"date":"2024-08-15T16:05:40","date_gmt":"2024-08-15T14:05:40","guid":{"rendered":"https:\/\/serbenidorm.daliisolutions.com\/index.php\/dm-podcast\/rocio-gil-concejala-de-igualdad-estas-cifras-nos-ayudan-a-hacer-una-radiografia-de-la-situacion-social-y-a-poner-el-foco-en-determinadas-problematicas-especificas-que-afecten-a-la-convivencia\/"},"modified":"2024-08-15T16:05:40","modified_gmt":"2024-08-15T14:05:40","slug":"rocio-gil-concejala-de-igualdad-estas-cifras-nos-ayudan-a-hacer-una-radiografia-de-la-situacion-social-y-a-poner-el-foco-en-determinadas-problematicas-especificas-que-afecten-a-la-convivencia","status":"publish","type":"dm-podcast","link":"https:\/\/serbenidorm.daliisolutions.com\/index.php\/dm-podcast\/rocio-gil-concejala-de-igualdad-estas-cifras-nos-ayudan-a-hacer-una-radiografia-de-la-situacion-social-y-a-poner-el-foco-en-determinadas-problematicas-especificas-que-afecten-a-la-convivencia\/","title":{"rendered":"Roc\u00edo Gil (concejala de Igualdad): \u00abEstas cifras nos ayudan a hacer una radiograf\u00eda de la situaci\u00f3n social y a poner el foco en determinadas problem\u00e1ticas espec\u00edficas que afecten a la convivencia\u00bb"},"featured_media":0,"template":"","meta":{"_acf_changed":false},"dm-programa":[7],"class_list":["post-7672","dm-podcast","type-dm-podcast","status-publish","hentry","dm-programa-podcast-radio-valencia-hora-14-comunitat-valenciana-2298"],"acf":{"url":"https:\/\/sdmedia.playser.cadenaser.com\/mcv\/playser\/multimedia\/20240815\/4104244_111131_audio_128.mp3"},"_links":{"self":[{"href":"https:\/\/serbenidorm.daliisolutions.com\/index.php\/wp-json\/wp\/v2\/dm-podcast\/7672","targetHints":{"allow":["GET"]}}],"collection":[{"href":"https:\/\/serbenidorm.daliisolutions.com\/index.php\/wp-json\/wp\/v2\/dm-podcast"}],"about":[{"href":"https:\/\/serbenidorm.daliisolutions.com\/index.php\/wp-json\/wp\/v2\/types\/dm-podcast"}],"wp:attachment":[{"href":"https:\/\/serbenidorm.daliisolutions.com\/index.php\/wp-json\/wp\/v2\/media?parent=7672"}],"wp:term":[{"taxonomy":"dm-programa","embeddable":true,"href":"https:\/\/serbenidorm.daliisolutions.com\/index.php\/wp-json\/wp\/v2\/dm-programa?post=7672"}],"curies":[{"name":"wp","href":"https:\/\/api.w.org\/{rel}","templated":true}]}}

Rocío Gil (concejala de Igualdad): «Estas cifras nos ayudan a hacer una radiografía de la situación social y a poner el foco en determinadas problemáticas específicas que afecten a la convivencia»
