{"id":7689,"date":"2024-08-17T10:53:39","date_gmt":"2024-08-17T08:53:39","guid":{"rendered":"https:\/\/serbenidorm.daliisolutions.com\/index.php\/dm-podcast\/gabriel-songel-profesor-de-la-universitat-politecnica-de-valencia-explica-como-se-ha-realizado-la-investigacion\/"},"modified":"2024-08-17T10:53:39","modified_gmt":"2024-08-17T08:53:39","slug":"gabriel-songel-profesor-de-la-universitat-politecnica-de-valencia-explica-como-se-ha-realizado-la-investigacion","status":"publish","type":"dm-podcast","link":"https:\/\/serbenidorm.daliisolutions.com\/index.php\/dm-podcast\/gabriel-songel-profesor-de-la-universitat-politecnica-de-valencia-explica-como-se-ha-realizado-la-investigacion\/","title":{"rendered":"Gabriel Songel (profesor de la Universitat Polit\u00e8cnica de Val\u00e8ncia) explica c\u00f3mo se ha realizado la investigaci\u00f3n"},"featured_media":0,"template":"","meta":{"_acf_changed":false},"dm-programa":[7],"class_list":["post-7689","dm-podcast","type-dm-podcast","status-publish","hentry","dm-programa-podcast-radio-valencia-hora-14-comunitat-valenciana-2298"],"acf":{"url":"https:\/\/sdmedia.playser.cadenaser.com\/mcv\/playser\/multimedia\/20240815\/4104235_110348_audio_128.mp3"},"_links":{"self":[{"href":"https:\/\/serbenidorm.daliisolutions.com\/index.php\/wp-json\/wp\/v2\/dm-podcast\/7689","targetHints":{"allow":["GET"]}}],"collection":[{"href":"https:\/\/serbenidorm.daliisolutions.com\/index.php\/wp-json\/wp\/v2\/dm-podcast"}],"about":[{"href":"https:\/\/serbenidorm.daliisolutions.com\/index.php\/wp-json\/wp\/v2\/types\/dm-podcast"}],"wp:attachment":[{"href":"https:\/\/serbenidorm.daliisolutions.com\/index.php\/wp-json\/wp\/v2\/media?parent=7689"}],"wp:term":[{"taxonomy":"dm-programa","embeddable":true,"href":"https:\/\/serbenidorm.daliisolutions.com\/index.php\/wp-json\/wp\/v2\/dm-programa?post=7689"}],"curies":[{"name":"wp","href":"https:\/\/api.w.org\/{rel}","templated":true}]}}

Gabriel Songel (profesor de la Universitat Politècnica de València) explica cómo se ha realizado la investigación
