{"id":7695,"date":"2024-08-17T13:53:35","date_gmt":"2024-08-17T11:53:35","guid":{"rendered":"https:\/\/serbenidorm.daliisolutions.com\/index.php\/dm-podcast\/german-zaragoza-presidente-de-la-federacio-de-bous-al-carrer-el-trabajo-para-mejorar-la-seguridad-esta-dando-sus-frutos\/"},"modified":"2024-08-17T13:53:35","modified_gmt":"2024-08-17T11:53:35","slug":"german-zaragoza-presidente-de-la-federacio-de-bous-al-carrer-el-trabajo-para-mejorar-la-seguridad-esta-dando-sus-frutos","status":"publish","type":"dm-podcast","link":"https:\/\/serbenidorm.daliisolutions.com\/index.php\/dm-podcast\/german-zaragoza-presidente-de-la-federacio-de-bous-al-carrer-el-trabajo-para-mejorar-la-seguridad-esta-dando-sus-frutos\/","title":{"rendered":"Germ\u00e1n Zaragoz\u00e1 (Presidente de la Federaci\u00f3 de Bous al Carrer): \u00abEl trabajo para mejorar la seguridad est\u00e1 dando sus frutos\u00bb"},"featured_media":0,"template":"","meta":{"_acf_changed":false},"dm-programa":[7],"class_list":["post-7695","dm-podcast","type-dm-podcast","status-publish","hentry","dm-programa-podcast-radio-valencia-hora-14-comunitat-valenciana-2298"],"acf":{"url":"https:\/\/sdmedia.playser.cadenaser.com\/mcv\/playser\/multimedia\/20240817\/4106216_110138_audio_128.mp3"},"_links":{"self":[{"href":"https:\/\/serbenidorm.daliisolutions.com\/index.php\/wp-json\/wp\/v2\/dm-podcast\/7695","targetHints":{"allow":["GET"]}}],"collection":[{"href":"https:\/\/serbenidorm.daliisolutions.com\/index.php\/wp-json\/wp\/v2\/dm-podcast"}],"about":[{"href":"https:\/\/serbenidorm.daliisolutions.com\/index.php\/wp-json\/wp\/v2\/types\/dm-podcast"}],"wp:attachment":[{"href":"https:\/\/serbenidorm.daliisolutions.com\/index.php\/wp-json\/wp\/v2\/media?parent=7695"}],"wp:term":[{"taxonomy":"dm-programa","embeddable":true,"href":"https:\/\/serbenidorm.daliisolutions.com\/index.php\/wp-json\/wp\/v2\/dm-programa?post=7695"}],"curies":[{"name":"wp","href":"https:\/\/api.w.org\/{rel}","templated":true}]}}

Germán Zaragozá (Presidente de la Federació de Bous al Carrer): «El trabajo para mejorar la seguridad está dando sus frutos»
