{"id":7696,"date":"2024-08-17T13:53:35","date_gmt":"2024-08-17T11:53:35","guid":{"rendered":"https:\/\/serbenidorm.daliisolutions.com\/index.php\/dm-podcast\/german-zaragoza-presidente-de-la-federacio-de-bous-al-carrer-la-inflacion-ha-hecho-crecer-los-costes-de-los-festejos-taurinos\/"},"modified":"2024-08-17T13:53:35","modified_gmt":"2024-08-17T11:53:35","slug":"german-zaragoza-presidente-de-la-federacio-de-bous-al-carrer-la-inflacion-ha-hecho-crecer-los-costes-de-los-festejos-taurinos","status":"publish","type":"dm-podcast","link":"https:\/\/serbenidorm.daliisolutions.com\/index.php\/dm-podcast\/german-zaragoza-presidente-de-la-federacio-de-bous-al-carrer-la-inflacion-ha-hecho-crecer-los-costes-de-los-festejos-taurinos\/","title":{"rendered":"Germ\u00e1n Zaragoz\u00e1 (Presidente de la Federaci\u00f3 de Bous al Carrer): \u00abLa inflaci\u00f3n ha hecho crecer los costes de los festejos taurinos\u00bb"},"featured_media":0,"template":"","meta":{"_acf_changed":false},"dm-programa":[7],"class_list":["post-7696","dm-podcast","type-dm-podcast","status-publish","hentry","dm-programa-podcast-radio-valencia-hora-14-comunitat-valenciana-2298"],"acf":{"url":"https:\/\/sdmedia.playser.cadenaser.com\/mcv\/playser\/multimedia\/20240817\/4106217_110146_audio_128.mp3"},"_links":{"self":[{"href":"https:\/\/serbenidorm.daliisolutions.com\/index.php\/wp-json\/wp\/v2\/dm-podcast\/7696","targetHints":{"allow":["GET"]}}],"collection":[{"href":"https:\/\/serbenidorm.daliisolutions.com\/index.php\/wp-json\/wp\/v2\/dm-podcast"}],"about":[{"href":"https:\/\/serbenidorm.daliisolutions.com\/index.php\/wp-json\/wp\/v2\/types\/dm-podcast"}],"wp:attachment":[{"href":"https:\/\/serbenidorm.daliisolutions.com\/index.php\/wp-json\/wp\/v2\/media?parent=7696"}],"wp:term":[{"taxonomy":"dm-programa","embeddable":true,"href":"https:\/\/serbenidorm.daliisolutions.com\/index.php\/wp-json\/wp\/v2\/dm-programa?post=7696"}],"curies":[{"name":"wp","href":"https:\/\/api.w.org\/{rel}","templated":true}]}}

Germán Zaragozá (Presidente de la Federació de Bous al Carrer): «La inflación ha hecho crecer los costes de los festejos taurinos»
