{"id":7697,"date":"2024-08-17T14:53:57","date_gmt":"2024-08-17T12:53:57","guid":{"rendered":""},"modified":"2024-08-17T14:53:57","modified_gmt":"2024-08-17T12:53:57","slug":"diana-morant-ministra-de-ciencia-innovacion-y-universidades-anuncia-que-el-gobierno-central-iniciara-en-septiembre-un-dialogo-con-la-generalitat-valenciana-para-que-rectifique-sobre-la-ley-de-conco","status":"publish","type":"dm-podcast","link":"https:\/\/serbenidorm.daliisolutions.com\/index.php\/dm-podcast\/diana-morant-ministra-de-ciencia-innovacion-y-universidades-anuncia-que-el-gobierno-central-iniciara-en-septiembre-un-dialogo-con-la-generalitat-valenciana-para-que-rectifique-sobre-la-ley-de-conco\/","title":{"rendered":"Diana Morant, ministra de Ciencia, Innovaci\u00f3n y Universidades, anuncia que el Gobierno central iniciar\u00e1 en septiembre un di\u00e1logo con la Generalitat Valenciana para que rectifique sobre la Ley de Concordia"},"featured_media":0,"template":"","meta":{"_acf_changed":false},"dm-programa":[7],"class_list":["post-7697","dm-podcast","type-dm-podcast","status-publish","hentry","dm-programa-podcast-radio-valencia-hora-14-comunitat-valenciana-2298"],"acf":{"url":"https:\/\/sdmedia.playser.cadenaser.com\/mcv\/playser\/multimedia\/20240817\/4106228_112305_audio_128.mp3"},"_links":{"self":[{"href":"https:\/\/serbenidorm.daliisolutions.com\/index.php\/wp-json\/wp\/v2\/dm-podcast\/7697","targetHints":{"allow":["GET"]}}],"collection":[{"href":"https:\/\/serbenidorm.daliisolutions.com\/index.php\/wp-json\/wp\/v2\/dm-podcast"}],"about":[{"href":"https:\/\/serbenidorm.daliisolutions.com\/index.php\/wp-json\/wp\/v2\/types\/dm-podcast"}],"wp:attachment":[{"href":"https:\/\/serbenidorm.daliisolutions.com\/index.php\/wp-json\/wp\/v2\/media?parent=7697"}],"wp:term":[{"taxonomy":"dm-programa","embeddable":true,"href":"https:\/\/serbenidorm.daliisolutions.com\/index.php\/wp-json\/wp\/v2\/dm-programa?post=7697"}],"curies":[{"name":"wp","href":"https:\/\/api.w.org\/{rel}","templated":true}]}}

Diana Morant, ministra de Ciencia, Innovación y Universidades, anuncia que el Gobierno central iniciará en septiembre un diálogo con la Generalitat Valenciana para que rectifique sobre la Ley de Concordia
