{"id":7706,"date":"2024-08-18T15:31:23","date_gmt":"2024-08-18T13:31:23","guid":{"rendered":"https:\/\/serbenidorm.daliisolutions.com\/index.php\/dm-podcast\/alicia-andujar-pspv-senala-que-el-cambio-del-ejecutivo-autonomico-tras-la-salida-de-vox-ha-retrasado-la-concesion-de-ayudas-en-prevencion-de-incendios-para-los-municipios-valencianos\/"},"modified":"2024-08-18T15:31:23","modified_gmt":"2024-08-18T13:31:23","slug":"alicia-andujar-pspv-senala-que-el-cambio-del-ejecutivo-autonomico-tras-la-salida-de-vox-ha-retrasado-la-concesion-de-ayudas-en-prevencion-de-incendios-para-los-municipios-valencianos","status":"publish","type":"dm-podcast","link":"https:\/\/serbenidorm.daliisolutions.com\/index.php\/dm-podcast\/alicia-andujar-pspv-senala-que-el-cambio-del-ejecutivo-autonomico-tras-la-salida-de-vox-ha-retrasado-la-concesion-de-ayudas-en-prevencion-de-incendios-para-los-municipios-valencianos\/","title":{"rendered":"Alicia And\u00fajar (PSPV) se\u00f1ala que el cambio del Ejecutivo auton\u00f3mico, tras la salida de Vox, ha retrasado la concesi\u00f3n de ayudas en prevenci\u00f3n de incendios para los municipios valencianos"},"featured_media":0,"template":"","meta":{"_acf_changed":false},"dm-programa":[7],"class_list":["post-7706","dm-podcast","type-dm-podcast","status-publish","hentry","dm-programa-podcast-radio-valencia-hora-14-comunitat-valenciana-2298"],"acf":{"url":"https:\/\/sdmedia.playser.cadenaser.com\/mcv\/playser\/multimedia\/20240818\/4106617_105023_audio_128.mp3"},"_links":{"self":[{"href":"https:\/\/serbenidorm.daliisolutions.com\/index.php\/wp-json\/wp\/v2\/dm-podcast\/7706","targetHints":{"allow":["GET"]}}],"collection":[{"href":"https:\/\/serbenidorm.daliisolutions.com\/index.php\/wp-json\/wp\/v2\/dm-podcast"}],"about":[{"href":"https:\/\/serbenidorm.daliisolutions.com\/index.php\/wp-json\/wp\/v2\/types\/dm-podcast"}],"wp:attachment":[{"href":"https:\/\/serbenidorm.daliisolutions.com\/index.php\/wp-json\/wp\/v2\/media?parent=7706"}],"wp:term":[{"taxonomy":"dm-programa","embeddable":true,"href":"https:\/\/serbenidorm.daliisolutions.com\/index.php\/wp-json\/wp\/v2\/dm-programa?post=7706"}],"curies":[{"name":"wp","href":"https:\/\/api.w.org\/{rel}","templated":true}]}}

Alicia Andújar (PSPV) señala que el cambio del Ejecutivo autonómico, tras la salida de Vox, ha retrasado la concesión de ayudas en prevención de incendios para los municipios valencianos
