{"id":7714,"date":"2024-08-19T14:11:10","date_gmt":"2024-08-19T12:11:10","guid":{"rendered":"https:\/\/serbenidorm.daliisolutions.com\/index.php\/dm-podcast\/salvador-peiro-fisabio-explica-que-cree-que-se-decidira-en-la-reunion-del-ministerio-con-las-comunidades-sobre-la-mpox\/"},"modified":"2024-08-19T14:11:10","modified_gmt":"2024-08-19T12:11:10","slug":"salvador-peiro-fisabio-explica-que-cree-que-se-decidira-en-la-reunion-del-ministerio-con-las-comunidades-sobre-la-mpox","status":"publish","type":"dm-podcast","link":"https:\/\/serbenidorm.daliisolutions.com\/index.php\/dm-podcast\/salvador-peiro-fisabio-explica-que-cree-que-se-decidira-en-la-reunion-del-ministerio-con-las-comunidades-sobre-la-mpox\/","title":{"rendered":"Salvador Peir\u00f3 (Fisabio) explica qu\u00e9 cree que se decidir\u00e1 en la reuni\u00f3n del Ministerio con las comunidades sobre la mpox"},"featured_media":0,"template":"","meta":{"_acf_changed":false},"dm-programa":[7],"class_list":["post-7714","dm-podcast","type-dm-podcast","status-publish","hentry","dm-programa-podcast-radio-valencia-hora-14-comunitat-valenciana-2298"],"acf":{"url":"https:\/\/sdmedia.playser.cadenaser.com\/mcv\/playser\/multimedia\/20240819\/4107219_104327_audio_128.mp3"},"_links":{"self":[{"href":"https:\/\/serbenidorm.daliisolutions.com\/index.php\/wp-json\/wp\/v2\/dm-podcast\/7714","targetHints":{"allow":["GET"]}}],"collection":[{"href":"https:\/\/serbenidorm.daliisolutions.com\/index.php\/wp-json\/wp\/v2\/dm-podcast"}],"about":[{"href":"https:\/\/serbenidorm.daliisolutions.com\/index.php\/wp-json\/wp\/v2\/types\/dm-podcast"}],"wp:attachment":[{"href":"https:\/\/serbenidorm.daliisolutions.com\/index.php\/wp-json\/wp\/v2\/media?parent=7714"}],"wp:term":[{"taxonomy":"dm-programa","embeddable":true,"href":"https:\/\/serbenidorm.daliisolutions.com\/index.php\/wp-json\/wp\/v2\/dm-programa?post=7714"}],"curies":[{"name":"wp","href":"https:\/\/api.w.org\/{rel}","templated":true}]}}

Salvador Peiró (Fisabio) explica qué cree que se decidirá en la reunión del Ministerio con las comunidades sobre la mpox
