{"id":7717,"date":"2024-08-19T14:11:10","date_gmt":"2024-08-19T12:11:10","guid":{"rendered":"https:\/\/serbenidorm.daliisolutions.com\/index.php\/dm-podcast\/ana-novella-stop-accidentes-cree-que-las-campanas-de-trafico-demuestran-que-se-debe-tener-precaucion-en-todos-los-aspectos-de-la-conduccion\/"},"modified":"2024-08-19T14:11:10","modified_gmt":"2024-08-19T12:11:10","slug":"ana-novella-stop-accidentes-cree-que-las-campanas-de-trafico-demuestran-que-se-debe-tener-precaucion-en-todos-los-aspectos-de-la-conduccion","status":"publish","type":"dm-podcast","link":"https:\/\/serbenidorm.daliisolutions.com\/index.php\/dm-podcast\/ana-novella-stop-accidentes-cree-que-las-campanas-de-trafico-demuestran-que-se-debe-tener-precaucion-en-todos-los-aspectos-de-la-conduccion\/","title":{"rendered":"Ana Novella (Stop Accidentes) cree que las campa\u00f1as de tr\u00e1fico demuestran que se debe tener precauci\u00f3n en todos los aspectos de la conducci\u00f3n"},"featured_media":0,"template":"","meta":{"_acf_changed":false},"dm-programa":[7],"class_list":["post-7717","dm-podcast","type-dm-podcast","status-publish","hentry","dm-programa-podcast-radio-valencia-hora-14-comunitat-valenciana-2298"],"acf":{"url":"https:\/\/sdmedia.playser.cadenaser.com\/mcv\/playser\/multimedia\/20240819\/4107277_112413_audio_128.mp3"},"_links":{"self":[{"href":"https:\/\/serbenidorm.daliisolutions.com\/index.php\/wp-json\/wp\/v2\/dm-podcast\/7717","targetHints":{"allow":["GET"]}}],"collection":[{"href":"https:\/\/serbenidorm.daliisolutions.com\/index.php\/wp-json\/wp\/v2\/dm-podcast"}],"about":[{"href":"https:\/\/serbenidorm.daliisolutions.com\/index.php\/wp-json\/wp\/v2\/types\/dm-podcast"}],"wp:attachment":[{"href":"https:\/\/serbenidorm.daliisolutions.com\/index.php\/wp-json\/wp\/v2\/media?parent=7717"}],"wp:term":[{"taxonomy":"dm-programa","embeddable":true,"href":"https:\/\/serbenidorm.daliisolutions.com\/index.php\/wp-json\/wp\/v2\/dm-programa?post=7717"}],"curies":[{"name":"wp","href":"https:\/\/api.w.org\/{rel}","templated":true}]}}

Ana Novella (Stop Accidentes) cree que las campañas de tráfico demuestran que se debe tener precaución en todos los aspectos de la conducción
