{"id":7741,"date":"2024-08-21T07:05:42","date_gmt":"2024-08-21T05:05:42","guid":{"rendered":"https:\/\/serbenidorm.daliisolutions.com\/index.php\/dm-podcast\/papi-robles-portavoz-de-compromis-per-valencia-destaca-que-la-fugaz-presencia-de-estas-decenas-de-miles-de-personas-dificilmente-generara-un-impacto-economico-mas-alla-del-balance-medioambien\/"},"modified":"2024-08-21T07:05:42","modified_gmt":"2024-08-21T05:05:42","slug":"papi-robles-portavoz-de-compromis-per-valencia-destaca-que-la-fugaz-presencia-de-estas-decenas-de-miles-de-personas-dificilmente-generara-un-impacto-economico-mas-alla-del-balance-medioambien","status":"publish","type":"dm-podcast","link":"https:\/\/serbenidorm.daliisolutions.com\/index.php\/dm-podcast\/papi-robles-portavoz-de-compromis-per-valencia-destaca-que-la-fugaz-presencia-de-estas-decenas-de-miles-de-personas-dificilmente-generara-un-impacto-economico-mas-alla-del-balance-medioambien\/","title":{"rendered":"Papi Robles (portavoz de Comprom\u00eds per Val\u00e8ncia) destaca que la \u00abfugaz\u00bb presencia de estas decenas de miles de personas dif\u00edcilmente generar\u00e1 un impacto econ\u00f3mico, m\u00e1s all\u00e1 del \u00abbalance medioambiental negativo\u00bb"},"featured_media":0,"template":"","meta":{"_acf_changed":false},"dm-programa":[7],"class_list":["post-7741","dm-podcast","type-dm-podcast","status-publish","hentry","dm-programa-podcast-radio-valencia-hora-14-comunitat-valenciana-2298"],"acf":{"url":"https:\/\/sdmedia.playser.cadenaser.com\/mcv\/playser\/multimedia\/20240820\/4109020_175037_audio_128.mp3"},"_links":{"self":[{"href":"https:\/\/serbenidorm.daliisolutions.com\/index.php\/wp-json\/wp\/v2\/dm-podcast\/7741","targetHints":{"allow":["GET"]}}],"collection":[{"href":"https:\/\/serbenidorm.daliisolutions.com\/index.php\/wp-json\/wp\/v2\/dm-podcast"}],"about":[{"href":"https:\/\/serbenidorm.daliisolutions.com\/index.php\/wp-json\/wp\/v2\/types\/dm-podcast"}],"wp:attachment":[{"href":"https:\/\/serbenidorm.daliisolutions.com\/index.php\/wp-json\/wp\/v2\/media?parent=7741"}],"wp:term":[{"taxonomy":"dm-programa","embeddable":true,"href":"https:\/\/serbenidorm.daliisolutions.com\/index.php\/wp-json\/wp\/v2\/dm-programa?post=7741"}],"curies":[{"name":"wp","href":"https:\/\/api.w.org\/{rel}","templated":true}]}}

Papi Robles (portavoz de Compromís per València) destaca que la «fugaz» presencia de estas decenas de miles de personas difícilmente generará un impacto económico, más allá del «balance medioambiental negativo»
