{"id":7753,"date":"2024-08-21T14:10:35","date_gmt":"2024-08-21T12:10:35","guid":{"rendered":""},"modified":"2024-08-21T14:10:35","modified_gmt":"2024-08-21T12:10:35","slug":"paula-llobet-concejala-de-turismo-de-valencia-cree-que-robles-deberia-hacer-autocritica-y-destacar-que-la-falta-de-regulacion-previa-hace-que-ahora-se-tenga-que-abordar-medidas-para-controlar-el-tur","status":"publish","type":"dm-podcast","link":"https:\/\/serbenidorm.daliisolutions.com\/index.php\/dm-podcast\/paula-llobet-concejala-de-turismo-de-valencia-cree-que-robles-deberia-hacer-autocritica-y-destacar-que-la-falta-de-regulacion-previa-hace-que-ahora-se-tenga-que-abordar-medidas-para-controlar-el-tur\/","title":{"rendered":"Paula Llobet (concejala de Turismo de Val\u00e8ncia) cree que Robles deber\u00eda hacer autocr\u00edtica y destacar que la falta de regulaci\u00f3n previa hace que ahora se tenga que abordar medidas para controlar el turismo"},"featured_media":0,"template":"","meta":{"_acf_changed":false},"dm-programa":[7],"class_list":["post-7753","dm-podcast","type-dm-podcast","status-publish","hentry","dm-programa-podcast-radio-valencia-hora-14-comunitat-valenciana-2298"],"acf":{"url":"https:\/\/sdmedia.playser.cadenaser.com\/mcv\/playser\/multimedia\/20240820\/4109021_175039_audio_128.mp3"},"_links":{"self":[{"href":"https:\/\/serbenidorm.daliisolutions.com\/index.php\/wp-json\/wp\/v2\/dm-podcast\/7753","targetHints":{"allow":["GET"]}}],"collection":[{"href":"https:\/\/serbenidorm.daliisolutions.com\/index.php\/wp-json\/wp\/v2\/dm-podcast"}],"about":[{"href":"https:\/\/serbenidorm.daliisolutions.com\/index.php\/wp-json\/wp\/v2\/types\/dm-podcast"}],"wp:attachment":[{"href":"https:\/\/serbenidorm.daliisolutions.com\/index.php\/wp-json\/wp\/v2\/media?parent=7753"}],"wp:term":[{"taxonomy":"dm-programa","embeddable":true,"href":"https:\/\/serbenidorm.daliisolutions.com\/index.php\/wp-json\/wp\/v2\/dm-programa?post=7753"}],"curies":[{"name":"wp","href":"https:\/\/api.w.org\/{rel}","templated":true}]}}

Paula Llobet (concejala de Turismo de València) cree que Robles debería hacer autocrítica y destacar que la falta de regulación previa hace que ahora se tenga que abordar medidas para controlar el turismo
