{"id":7754,"date":"2024-08-21T14:10:35","date_gmt":"2024-08-21T12:10:35","guid":{"rendered":"https:\/\/serbenidorm.daliisolutions.com\/index.php\/dm-podcast\/alberto-ibanez-compromis-sobre-la-transferencia-de-las-competencias-de-sanidad-penitenciaria\/"},"modified":"2024-08-21T14:10:35","modified_gmt":"2024-08-21T12:10:35","slug":"alberto-ibanez-compromis-sobre-la-transferencia-de-las-competencias-de-sanidad-penitenciaria","status":"publish","type":"dm-podcast","link":"https:\/\/serbenidorm.daliisolutions.com\/index.php\/dm-podcast\/alberto-ibanez-compromis-sobre-la-transferencia-de-las-competencias-de-sanidad-penitenciaria\/","title":{"rendered":"Alberto Ib\u00e1\u00f1ez (Comprom\u00eds) sobre la transferencia de las competencias de sanidad penitenciaria"},"featured_media":0,"template":"","meta":{"_acf_changed":false},"dm-programa":[7],"class_list":["post-7754","dm-podcast","type-dm-podcast","status-publish","hentry","dm-programa-podcast-radio-valencia-hora-14-comunitat-valenciana-2298"],"acf":{"url":"https:\/\/sdmedia.playser.cadenaser.com\/mcv\/playser\/multimedia\/20240821\/4109659_103818_audio_128.mp3"},"_links":{"self":[{"href":"https:\/\/serbenidorm.daliisolutions.com\/index.php\/wp-json\/wp\/v2\/dm-podcast\/7754","targetHints":{"allow":["GET"]}}],"collection":[{"href":"https:\/\/serbenidorm.daliisolutions.com\/index.php\/wp-json\/wp\/v2\/dm-podcast"}],"about":[{"href":"https:\/\/serbenidorm.daliisolutions.com\/index.php\/wp-json\/wp\/v2\/types\/dm-podcast"}],"wp:attachment":[{"href":"https:\/\/serbenidorm.daliisolutions.com\/index.php\/wp-json\/wp\/v2\/media?parent=7754"}],"wp:term":[{"taxonomy":"dm-programa","embeddable":true,"href":"https:\/\/serbenidorm.daliisolutions.com\/index.php\/wp-json\/wp\/v2\/dm-programa?post=7754"}],"curies":[{"name":"wp","href":"https:\/\/api.w.org\/{rel}","templated":true}]}}

Alberto Ibáñez (Compromís) sobre la transferencia de las competencias de sanidad penitenciaria
