{"id":7758,"date":"2024-08-21T15:36:08","date_gmt":"2024-08-21T13:36:08","guid":{"rendered":"https:\/\/serbenidorm.daliisolutions.com\/index.php\/dm-podcast\/alberto-tellez-acaip-denuncia-las-consecuencias-de-la-falta-de-medicos-en-las-carceles\/"},"modified":"2024-08-21T15:36:08","modified_gmt":"2024-08-21T13:36:08","slug":"alberto-tellez-acaip-denuncia-las-consecuencias-de-la-falta-de-medicos-en-las-carceles","status":"publish","type":"dm-podcast","link":"https:\/\/serbenidorm.daliisolutions.com\/index.php\/dm-podcast\/alberto-tellez-acaip-denuncia-las-consecuencias-de-la-falta-de-medicos-en-las-carceles\/","title":{"rendered":"Alberto T\u00e9llez (Acaip) denuncia las consecuencias de la falta de m\u00e9dicos en las c\u00e1rceles"},"featured_media":0,"template":"","meta":{"_acf_changed":false},"dm-programa":[7],"class_list":["post-7758","dm-podcast","type-dm-podcast","status-publish","hentry","dm-programa-podcast-radio-valencia-hora-14-comunitat-valenciana-2298"],"acf":{"url":"https:\/\/sdmedia.playser.cadenaser.com\/mcv\/playser\/multimedia\/20240821\/4109661_103854_audio_128.mp3"},"_links":{"self":[{"href":"https:\/\/serbenidorm.daliisolutions.com\/index.php\/wp-json\/wp\/v2\/dm-podcast\/7758","targetHints":{"allow":["GET"]}}],"collection":[{"href":"https:\/\/serbenidorm.daliisolutions.com\/index.php\/wp-json\/wp\/v2\/dm-podcast"}],"about":[{"href":"https:\/\/serbenidorm.daliisolutions.com\/index.php\/wp-json\/wp\/v2\/types\/dm-podcast"}],"wp:attachment":[{"href":"https:\/\/serbenidorm.daliisolutions.com\/index.php\/wp-json\/wp\/v2\/media?parent=7758"}],"wp:term":[{"taxonomy":"dm-programa","embeddable":true,"href":"https:\/\/serbenidorm.daliisolutions.com\/index.php\/wp-json\/wp\/v2\/dm-programa?post=7758"}],"curies":[{"name":"wp","href":"https:\/\/api.w.org\/{rel}","templated":true}]}}

Alberto Téllez (Acaip) denuncia las consecuencias de la falta de médicos en las cárceles
