{"id":7769,"date":"2024-08-22T13:53:19","date_gmt":"2024-08-22T11:53:19","guid":{"rendered":"https:\/\/serbenidorm.daliisolutions.com\/index.php\/dm-podcast\/ruth-merino-portavoz-del-consell-no-se-si-montero-toma-por-tontos-a-todos-los-espanoles-o-si-simplemente-miente-descaradamente-y-sin-ningun-pudor\/"},"modified":"2024-08-22T13:53:19","modified_gmt":"2024-08-22T11:53:19","slug":"ruth-merino-portavoz-del-consell-no-se-si-montero-toma-por-tontos-a-todos-los-espanoles-o-si-simplemente-miente-descaradamente-y-sin-ningun-pudor","status":"publish","type":"dm-podcast","link":"https:\/\/serbenidorm.daliisolutions.com\/index.php\/dm-podcast\/ruth-merino-portavoz-del-consell-no-se-si-montero-toma-por-tontos-a-todos-los-espanoles-o-si-simplemente-miente-descaradamente-y-sin-ningun-pudor\/","title":{"rendered":"Ruth Merino (portavoz del Consell): \u00abNo s\u00e9 si Montero toma por tontos a todos los espa\u00f1oles o si simplemente miente descaradamente y sin ning\u00fan pudor\u00bb"},"featured_media":0,"template":"","meta":{"_acf_changed":false},"dm-programa":[7],"class_list":["post-7769","dm-podcast","type-dm-podcast","status-publish","hentry","dm-programa-podcast-radio-valencia-hora-14-comunitat-valenciana-2298"],"acf":{"url":"https:\/\/sdmedia.playser.cadenaser.com\/mcv\/playser\/multimedia\/20240821\/4110308_181206_audio_128.mp3"},"_links":{"self":[{"href":"https:\/\/serbenidorm.daliisolutions.com\/index.php\/wp-json\/wp\/v2\/dm-podcast\/7769","targetHints":{"allow":["GET"]}}],"collection":[{"href":"https:\/\/serbenidorm.daliisolutions.com\/index.php\/wp-json\/wp\/v2\/dm-podcast"}],"about":[{"href":"https:\/\/serbenidorm.daliisolutions.com\/index.php\/wp-json\/wp\/v2\/types\/dm-podcast"}],"wp:attachment":[{"href":"https:\/\/serbenidorm.daliisolutions.com\/index.php\/wp-json\/wp\/v2\/media?parent=7769"}],"wp:term":[{"taxonomy":"dm-programa","embeddable":true,"href":"https:\/\/serbenidorm.daliisolutions.com\/index.php\/wp-json\/wp\/v2\/dm-programa?post=7769"}],"curies":[{"name":"wp","href":"https:\/\/api.w.org\/{rel}","templated":true}]}}

Ruth Merino (portavoz del Consell): «No sé si Montero toma por tontos a todos los españoles o si simplemente miente descaradamente y sin ningún pudor»
