{"id":7788,"date":"2024-08-22T20:11:05","date_gmt":"2024-08-22T18:11:05","guid":{"rendered":""},"modified":"2024-08-22T20:11:05","modified_gmt":"2024-08-22T18:11:05","slug":"toni-gonzalez-alcalde-de-almussafes-y-presidente-de-la-la-asociacion-de-ciudades-espanolas-de-la-automocioncritica-que-en-su-dia-europa-fijase-2035-como-el-ano-para-culminar-la-electrificacion-del-a","status":"publish","type":"dm-podcast","link":"https:\/\/serbenidorm.daliisolutions.com\/index.php\/dm-podcast\/toni-gonzalez-alcalde-de-almussafes-y-presidente-de-la-la-asociacion-de-ciudades-espanolas-de-la-automocioncritica-que-en-su-dia-europa-fijase-2035-como-el-ano-para-culminar-la-electrificacion-del-a\/","title":{"rendered":"Toni Gonz\u00e1lez (alcalde de Almussafes y presidente de la la Asociaci\u00f3n de Ciudades Espa\u00f1olas de la Automoci\u00f3n)critica que en su d\u00eda Europa fijase 2035 como el a\u00f1o para culminar la electrificaci\u00f3n del autom\u00f3vil"},"featured_media":0,"template":"","meta":{"_acf_changed":false},"dm-programa":[7],"class_list":["post-7788","dm-podcast","type-dm-podcast","status-publish","hentry","dm-programa-podcast-radio-valencia-hora-14-comunitat-valenciana-2298"],"acf":{"url":"https:\/\/sdmedia.playser.cadenaser.com\/mcv\/playser\/multimedia\/20240822\/4111525_171241_audio_128.mp3"},"_links":{"self":[{"href":"https:\/\/serbenidorm.daliisolutions.com\/index.php\/wp-json\/wp\/v2\/dm-podcast\/7788","targetHints":{"allow":["GET"]}}],"collection":[{"href":"https:\/\/serbenidorm.daliisolutions.com\/index.php\/wp-json\/wp\/v2\/dm-podcast"}],"about":[{"href":"https:\/\/serbenidorm.daliisolutions.com\/index.php\/wp-json\/wp\/v2\/types\/dm-podcast"}],"wp:attachment":[{"href":"https:\/\/serbenidorm.daliisolutions.com\/index.php\/wp-json\/wp\/v2\/media?parent=7788"}],"wp:term":[{"taxonomy":"dm-programa","embeddable":true,"href":"https:\/\/serbenidorm.daliisolutions.com\/index.php\/wp-json\/wp\/v2\/dm-programa?post=7788"}],"curies":[{"name":"wp","href":"https:\/\/api.w.org\/{rel}","templated":true}]}}

Toni González (alcalde de Almussafes y presidente de la la Asociación de Ciudades Españolas de la Automoción)critica que en su día Europa fijase 2035 como el año para culminar la electrificación del automóvil
