{"id":7819,"date":"2024-08-26T07:02:15","date_gmt":"2024-08-26T05:02:15","guid":{"rendered":"https:\/\/serbenidorm.daliisolutions.com\/index.php\/dm-podcast\/eusebio-monzo-secretario-autonomico-de-hacienda-asegura-que-la-generalitat-valenciana-apostara-en-los-presupuestos-de-2025-por-priorizar-los-servicios-publicos\/"},"modified":"2024-08-26T07:02:15","modified_gmt":"2024-08-26T05:02:15","slug":"eusebio-monzo-secretario-autonomico-de-hacienda-asegura-que-la-generalitat-valenciana-apostara-en-los-presupuestos-de-2025-por-priorizar-los-servicios-publicos","status":"publish","type":"dm-podcast","link":"https:\/\/serbenidorm.daliisolutions.com\/index.php\/dm-podcast\/eusebio-monzo-secretario-autonomico-de-hacienda-asegura-que-la-generalitat-valenciana-apostara-en-los-presupuestos-de-2025-por-priorizar-los-servicios-publicos\/","title":{"rendered":"Eusebio Monz\u00f3, secretario auton\u00f3mico de Hacienda, asegura que la Generalitat Valenciana apostar\u00e1, en los presupuestos de 2025, por \u00abpriorizar los servicios p\u00fablicos\u00bb"},"featured_media":0,"template":"","meta":{"_acf_changed":false},"dm-programa":[7],"class_list":["post-7819","dm-podcast","type-dm-podcast","status-publish","hentry","dm-programa-podcast-radio-valencia-hora-14-comunitat-valenciana-2298"],"acf":{"url":"https:\/\/sdmedia.playser.cadenaser.com\/mcv\/playser\/multimedia\/20240825\/4113560_100824_audio_128.mp3"},"_links":{"self":[{"href":"https:\/\/serbenidorm.daliisolutions.com\/index.php\/wp-json\/wp\/v2\/dm-podcast\/7819","targetHints":{"allow":["GET"]}}],"collection":[{"href":"https:\/\/serbenidorm.daliisolutions.com\/index.php\/wp-json\/wp\/v2\/dm-podcast"}],"about":[{"href":"https:\/\/serbenidorm.daliisolutions.com\/index.php\/wp-json\/wp\/v2\/types\/dm-podcast"}],"wp:attachment":[{"href":"https:\/\/serbenidorm.daliisolutions.com\/index.php\/wp-json\/wp\/v2\/media?parent=7819"}],"wp:term":[{"taxonomy":"dm-programa","embeddable":true,"href":"https:\/\/serbenidorm.daliisolutions.com\/index.php\/wp-json\/wp\/v2\/dm-programa?post=7819"}],"curies":[{"name":"wp","href":"https:\/\/api.w.org\/{rel}","templated":true}]}}

Eusebio Monzó, secretario autonómico de Hacienda, asegura que la Generalitat Valenciana apostará, en los presupuestos de 2025, por «priorizar los servicios públicos»
