{"id":7820,"date":"2024-08-26T07:02:15","date_gmt":"2024-08-26T05:02:15","guid":{"rendered":"https:\/\/serbenidorm.daliisolutions.com\/index.php\/dm-podcast\/laura-chulia-pp-encara-el-nuevo-curso-politico-con-la-infrafinanciacion-de-la-comunitat-valenciana-como-prioridad-del-consell\/"},"modified":"2024-08-26T07:02:15","modified_gmt":"2024-08-26T05:02:15","slug":"laura-chulia-pp-encara-el-nuevo-curso-politico-con-la-infrafinanciacion-de-la-comunitat-valenciana-como-prioridad-del-consell","status":"publish","type":"dm-podcast","link":"https:\/\/serbenidorm.daliisolutions.com\/index.php\/dm-podcast\/laura-chulia-pp-encara-el-nuevo-curso-politico-con-la-infrafinanciacion-de-la-comunitat-valenciana-como-prioridad-del-consell\/","title":{"rendered":"Laura Chuli\u00e0 (PP) encara el nuevo curso pol\u00edtico con la infrafinanciaci\u00f3n de la Comunitat Valenciana como prioridad del Consell"},"featured_media":0,"template":"","meta":{"_acf_changed":false},"dm-programa":[7],"class_list":["post-7820","dm-podcast","type-dm-podcast","status-publish","hentry","dm-programa-podcast-radio-valencia-hora-14-comunitat-valenciana-2298"],"acf":{"url":"https:\/\/sdmedia.playser.cadenaser.com\/mcv\/playser\/multimedia\/20240825\/4113585_115301_audio_128.mp3"},"_links":{"self":[{"href":"https:\/\/serbenidorm.daliisolutions.com\/index.php\/wp-json\/wp\/v2\/dm-podcast\/7820","targetHints":{"allow":["GET"]}}],"collection":[{"href":"https:\/\/serbenidorm.daliisolutions.com\/index.php\/wp-json\/wp\/v2\/dm-podcast"}],"about":[{"href":"https:\/\/serbenidorm.daliisolutions.com\/index.php\/wp-json\/wp\/v2\/types\/dm-podcast"}],"wp:attachment":[{"href":"https:\/\/serbenidorm.daliisolutions.com\/index.php\/wp-json\/wp\/v2\/media?parent=7820"}],"wp:term":[{"taxonomy":"dm-programa","embeddable":true,"href":"https:\/\/serbenidorm.daliisolutions.com\/index.php\/wp-json\/wp\/v2\/dm-programa?post=7820"}],"curies":[{"name":"wp","href":"https:\/\/api.w.org\/{rel}","templated":true}]}}

Laura Chulià (PP) encara el nuevo curso político con la infrafinanciación de la Comunitat Valenciana como prioridad del Consell
